{"id":955,"date":"2019-05-23T20:02:18","date_gmt":"2019-05-23T19:02:18","guid":{"rendered":"http:\/\/www.sporilovskams.cz\/trencinska\/?page_id=955"},"modified":"2026-04-08T12:46:59","modified_gmt":"2026-04-08T11:46:59","slug":"zapis","status":"publish","type":"page","link":"https:\/\/www.sporilovskams.cz\/trencinska\/zapis\/","title":{"rendered":"Z\u00e1pis"},"content":{"rendered":"<div style=\"text-align: center\">\n<div>\n<div style=\"text-align: center\">\n<div>\n<p><span style=\"font-family: 'arial black', sans-serif;color: #000080\">Zve\u0159ejn\u011bn\u00ed v\u00fdsledk\u016f z\u00e1pisu pro \u0161koln\u00ed rok 2026\/2027<\/span><\/p>\n<p><span style=\"font-family: 'arial black', sans-serif;color: #000080\">M\u0160 Tren\u010d\u00ednsk\u00e1<\/span><\/p>\n<\/div>\n<\/div>\n<\/div>\n<\/div>\n<p style=\"text-align: center\"><img loading=\"lazy\" decoding=\"async\" class=\"alignnone  wp-image-2774\" src=\"http:\/\/www.sporilovskams.cz\/trencinska\/wp-content\/uploads\/sites\/3\/2026\/04\/zapis-2026-2027-Trencinska-1.png\" alt=\"\" width=\"641\" height=\"674\" srcset=\"https:\/\/www.sporilovskams.cz\/trencinska\/wp-content\/uploads\/sites\/3\/2026\/04\/zapis-2026-2027-Trencinska-1.png 804w, https:\/\/www.sporilovskams.cz\/trencinska\/wp-content\/uploads\/sites\/3\/2026\/04\/zapis-2026-2027-Trencinska-1-127x133.png 127w, https:\/\/www.sporilovskams.cz\/trencinska\/wp-content\/uploads\/sites\/3\/2026\/04\/zapis-2026-2027-Trencinska-1-95x100.png 95w, https:\/\/www.sporilovskams.cz\/trencinska\/wp-content\/uploads\/sites\/3\/2026\/04\/zapis-2026-2027-Trencinska-1-768x807.png 768w\" sizes=\"auto, (max-width: 641px) 100vw, 641px\" \/><\/p>\n<hr \/>\n<p><strong style=\"font-family: 'arial black', sans-serif\">Informace k z\u00e1pisu pro \u0161koln\u00ed rok 2026\/2027<\/strong><\/p>\n<div style=\"text-align: center\">\n<div>\n<div style=\"text-align: center\">\n<p style=\"text-align: left\"><span style=\"font-family: 'arial black', sans-serif;color: #800000\">Den otev\u0159en\u00fdch dve\u0159\u00ed v M\u0160 Tren\u010d\u00ednsk\u00e1 prob\u011bhne ve st\u0159edu 25.2.2026 od 14:30 do 17:00hod.<\/span><\/p>\n<div style=\"text-align: left\">\n<div>\n<p>&nbsp;<\/p>\n<p><span style=\"font-family: 'arial black', sans-serif\"><strong>Mo\u017enost generov\u00e1n\u00ed a vypl\u0148ov\u00e1n\u00ed p\u0159ihl\u00e1\u0161ek\u00a0do M\u0160 prost\u0159ednictv\u00edm webu.\u00a0\u00a0\u00a0<\/strong><\/span><\/p>\n<p><span style=\"font-family: 'arial black', sans-serif\"><a href=\"https:\/\/zapisdoms-praha4.praha.eu\/\" target=\"_blank\" rel=\"noopener\">zapisdoms-praha4.praha.eu<\/a><\/span><\/p>\n<\/div>\n<div><span style=\"font-family: 'arial black', sans-serif\">9.2. \u2013 18.3. 2026 \u2013\u00a0 mo\u017enost generov\u00e1n\u00ed p\u0159ihl\u00e1\u0161ek<\/span><\/div>\n<div><span style=\"font-family: 'arial black', sans-serif\"><strong>17. a 18.3\u00a0 2026\u00a0<\/strong>\u00a0\u00a0\u2013\u00a0 p\u0159\u00edjem vypln\u011bn\u00fdch \u017e\u00e1dost\u00ed\u00a0 \u00a0<\/span><\/div>\n<div><span style=\"font-family: arial, helvetica, sans-serif\">odevzd\u00e1v\u00e1n\u00ed vypln\u011bn\u00fdch p\u0159ihl\u00e1\u0161ek je mo\u017en\u00e9:<\/span><\/div>\n<div><span style=\"font-family: arial, helvetica, sans-serif\">\u00a0 \u2013\u00a0 <strong>osobn\u011b\u00a0<\/strong>v kancel\u00e1\u0159i \u0159editelky \u0161koly M\u0160 Tren\u010d\u00ednsk\u00e1 2770\/7,\u00a0 <strong>17. a 18.3\u00a0 2026<\/strong><strong>\u00a0od 13,00 \u2013 18.00 hod.<\/strong><\/span><\/div>\n<div><span style=\"font-family: arial, helvetica, sans-serif\">\u00a0 \u2013 prost\u0159ednictv\u00edm <strong>datov\u00e9 schr\u00e1nky.\u00a0 \u00a0!!!POZOR!!! odes\u00edlat jen 17. a 18.3. 2026<\/strong>.\u00a0Na d\u0159\u00edve zaslan\u00e9 p\u0159ihl\u00e1\u0161ky nelze br\u00e1t z\u0159etel.<\/span><\/div>\n<div><span style=\"font-family: 'arial black', sans-serif\">od 26.3. 2026\u00a0 \u00a0\u2013\u00a0 vyhodnocov\u00e1n\u00ed \u017e\u00e1dost\u00ed<\/span><\/div>\n<div><\/div>\n<div><\/div>\n<\/div>\n<div style=\"text-align: left\"><span style=\"font-family: 'arial black', sans-serif\"><strong>Pot\u0159ebn\u00e9 doklady k z\u00e1pisu:<\/strong><\/span><\/div>\n<div style=\"text-align: left\"><span style=\"font-family: arial, helvetica, sans-serif\">\u2013 vypln\u011bn\u00e1, podepsan\u00e1\u00a0\u00a0<strong>\u017d\u00c1DOST<\/strong>\u00a0O P\u0158IJET\u00cd D\u00cdT\u011aTE K P\u0158ED\u0160KOLN\u00cdMU VZD\u011aL\u00c1V\u00c1N\u00cd,<\/span><\/div>\n<div style=\"text-align: left\"><span style=\"font-family: arial, helvetica, sans-serif\">\u00a0 v\u010detn\u011b vypln\u011bn\u00e9ho\u00a0<strong>eviden\u010dn\u00edho listu<\/strong>\u00a0a\u00a0<strong>potvrzen\u00ed d\u011btsk\u00e9ho l\u00e9ka\u0159e<\/strong>\u00a0o zdravotn\u00edm stavu d\u00edt\u011bte a povinn\u00e9m o\u010dkov\u00e1n\u00ed<\/span><\/div>\n<div style=\"text-align: left\"><span style=\"font-family: arial, helvetica, sans-serif\">\u2013 rodn\u00fd list d\u00edt\u011bte (kopie rodn\u00e9ho listu)<\/span><\/div>\n<div style=\"text-align: left\"><span style=\"font-family: arial, helvetica, sans-serif\">\u2013 ob\u010dansk\u00fd pr\u016fkaz z\u00e1konn\u00e9ho z\u00e1stupce<\/span><\/div>\n<div style=\"text-align: left\"><span style=\"font-family: arial, helvetica, sans-serif\">\u2013 doklad o trval\u00e9m bydli\u0161ti d\u00edt\u011bte na Praze 4<\/span><\/div>\n<div style=\"text-align: left\"><\/div>\n<div style=\"text-align: left\"><span style=\"font-family: 'arial black', sans-serif\"><strong>Krit\u00e9ria pro p\u0159ijet\u00ed d\u00edt\u011bte do M\u0160:<\/strong><\/span><\/div>\n<div style=\"text-align: left\"><span style=\"font-family: 'arial black', sans-serif\">\u2013 V\u011bk d\u00edt\u011bte (od nejstar\u0161\u00edho po nejmlad\u0161\u00ed do v\u00fd\u0161e voln\u00e9 kapacity M\u0160. Nejzaz\u0161\u00ed datum pro mo\u017en\u00fd z\u00e1pis je 31.12.2023)<\/span><\/div>\n<div style=\"text-align: left\"><span style=\"font-family: 'arial black', sans-serif\">\u2013 Trval\u00e9 bydli\u0161t\u011b d\u00edt\u011bte na \u00fazem\u00ed M\u010c Praha 4<\/span><\/div>\n<div><\/div>\n<div>\n<p><span style=\"font-family: 'arial black', sans-serif\">V\u00edce informac\u00ed o p\u0159ij\u00edmac\u00edm \u0159\u00edzen\u00ed naleznete zde:<\/span><\/p>\n<\/div>\n<div>\n<div><span style=\"font-family: 'arial black', sans-serif\"><a href=\"https:\/\/zapisdoms-praha4.praha.eu\/\"><em><strong>https:\/\/zapisdoms-praha4.praha.eu\/<\/strong><\/em><\/a><\/span><\/div>\n<\/div>\n<p>&nbsp;<\/p>\n<p>&nbsp;<\/p>\n<p>&nbsp;<\/p>\n<\/div>\n<div style=\"text-align: left\">\n<p>&nbsp;<\/p>\n<\/div>\n<\/div>\n<div>\n<hr \/>\n<p style=\"text-align: left\"><span style=\"font-family: 'arial black', sans-serif\"><strong>Co by d\u00edt\u011b m\u011blo zvl\u00e1dat p\u0159ed n\u00e1stupem do M\u0160?<\/strong><\/span><\/p>\n<p style=\"text-align: left\">zn\u00e1t sv\u00e9 jm\u00e9no a p\u0159\u00edjmen\u00ed<\/p>\n<p style=\"text-align: left\">um\u011bt si \u0159\u00edci, co chce a pot\u0159ebuje<\/p>\n<p style=\"text-align: left\">samostatn\u011b se svl\u00e9knout a obl\u00e9knout<\/p>\n<p style=\"text-align: left\">nazouvat a vyzouvat obuv<\/p>\n<p style=\"text-align: left\">poznat si sv\u00e9 v\u011bci a ukl\u00e1dat je na sv\u00e9 m\u00edsto<\/p>\n<p style=\"text-align: left\">ukl\u00edzet po sob\u011b<\/p>\n<p style=\"text-align: left\">pou\u017e\u00edvat kapesn\u00edk<\/p>\n<p style=\"text-align: left\">um\u011bt se samo naj\u00edst<\/p>\n<p style=\"text-align: left\">p\u00edt z hrne\u010dku a skleni\u010dky<\/p>\n<p style=\"text-align: left\">pou\u017e\u00edvat toaletu (kompletn\u011b bez plen)<\/p>\n<p style=\"text-align: left\">um\u00fdt si ruce m\u00fddlem a ut\u0159\u00edt si je do ru\u010dn\u00edku<\/p>\n<p style=\"text-align: left\">vy\u010distit si zuby<\/p>\n<p style=\"text-align: left\">uj\u00edt krat\u0161\u00ed vzd\u00e1lenost p\u0159i proch\u00e1zce<\/p>\n<\/div>\n<div><\/div>\n<div><\/div>\n<div>\n<p>&nbsp;<\/p>\n<\/div>\n<div>\n<hr \/>\n<\/div>\n<div><\/div>\n<div>\n<hr \/>\n<\/div>\n<div>\n<div><\/div>\n<div><\/div>\n<hr \/>\n<\/div>\n<\/div>\n<div><\/div>\n<p>&nbsp;<\/p>\n<p style=\"text-align: center\"><span style=\"font-family: 'arial black', sans-serif\">M\u011bstsk\u00e1 \u010d\u00e1st Praha 4<\/span><\/p>\n<p style=\"text-align: center\"><span style=\"font-family: 'arial black', sans-serif;color: #800000\">RADA M\u011aSTSK\u00c9 \u010c\u00c1STI PRAHA 4<\/span><\/p>\n<p style=\"text-align: center\"><span style=\"font-family: 'arial black', sans-serif\">usnesen\u00ed 5. jedn\u00e1n\u00ed ze dne 13.3. 2024<\/span><\/p>\n<p style=\"text-align: center\"><span style=\"font-family: 'arial black', sans-serif\">\u010d\u00edslo 5R-146\/2024<\/span><\/p>\n<p style=\"text-align: center\"><span style=\"font-family: 'arial black', sans-serif;color: #800000\">STANOVUJE:<\/span><\/p>\n<p style=\"text-align: center\"><span style=\"font-family: 'arial black', sans-serif\">V\u00fd\u0161i m\u011bs\u00ed\u010dn\u00ed\u00a0<span style=\"background-color: #ffff00\">\u00faplaty za p\u0159ed\u0161koln\u00ed vzd\u011bl\u00e1v\u00e1n\u00ed<\/span>\u00a0na <span style=\"background-color: #ffff00\">obdob\u00ed\u00a0\u0161koln\u00edho roku 2024\/2025<\/span><\/span><\/p>\n<p style=\"text-align: center\"><span style=\"font-family: 'arial black', sans-serif\">ve v\u0161ech mate\u0159sk\u00fdch \u0161kol\u00e1ch z\u0159izovan\u00fdch M\u010c Praha 4 <span style=\"background-color: #ffff00\">ve v\u00fd\u0161i\u00a0\u00a01 300 K\u010d<\/span>\u00a0<\/span><\/p>\n<p>&nbsp;<\/p>\n<p>&nbsp;<\/p>\n<p><span style=\"color: #000000;font-family: 'arial black', sans-serif\">\u00a0<strong>informace na tel.\u010d\u00edsle :\u00a0 777287530\u00a0\u00a0\u00a0\u00a0\u00a0\u00a0 <\/strong><\/span><\/p>\n<p><span style=\"color: #000000;font-family: 'arial black', sans-serif\"><strong>www.sporilovskams.cz <\/strong><\/span><\/p>\n<p><span style=\"color: #000000;font-family: 'arial black', sans-serif\"><strong>Michaela Hirschov\u00e1, \u0159editelka \u0161koly<\/strong><\/span><\/p>\n<p><span style=\"font-family: 'arial black', sans-serif\">Hana Fr\u00fchaufov\u00e1, z\u00e1st. \u0159editelky<\/span><\/p>\n<p><span style=\"color: #000000;font-family: 'arial black', sans-serif\"><strong>mstrencinska@seznam.cz<\/strong><\/span><\/p>\n<p>&nbsp;<\/p>\n","protected":false},"excerpt":{"rendered":"<p>Zve\u0159ejn\u011bn\u00ed v\u00fdsledk\u016f z\u00e1pisu pro \u0161koln\u00ed rok 2026\/2027 M\u0160 Tren\u010d\u00ednsk\u00e1 Informace k z\u00e1pisu pro \u0161koln\u00ed rok 2026\/2027 Den otev\u0159en\u00fdch dve\u0159\u00ed v M\u0160 Tren\u010d\u00ednsk\u00e1 prob\u011bhne ve st\u0159edu 25.2.2026 od 14:30 do 17:00hod. &nbsp; Mo\u017enost generov\u00e1n\u00ed a vypl\u0148ov\u00e1n\u00ed p\u0159ihl\u00e1\u0161ek\u00a0do M\u0160 prost\u0159ednictv\u00edm webu.\u00a0\u00a0\u00a0 zapisdoms-praha4.praha.eu 9.2. \u2013 18.3. 2026 \u2013\u00a0 mo\u017enost generov\u00e1n\u00ed p\u0159ihl\u00e1\u0161ek 17. a 18.3\u00a0 2026\u00a0\u00a0\u00a0\u2013\u00a0 p\u0159\u00edjem vypln\u011bn\u00fdch \u017e\u00e1dost\u00ed\u00a0&hellip;&nbsp;<a href=\"https:\/\/www.sporilovskams.cz\/trencinska\/zapis\/\" class=\"\" rel=\"bookmark\">Read More &raquo;<span class=\"screen-reader-text\">Z\u00e1pis<\/span><\/a><\/p>\n","protected":false},"author":2,"featured_media":0,"parent":0,"menu_order":0,"comment_status":"closed","ping_status":"closed","template":"","meta":{"neve_meta_sidebar":"","neve_meta_container":"","neve_meta_enable_content_width":"off","neve_meta_content_width":100,"neve_meta_title_alignment":"","neve_meta_author_avatar":"","neve_post_elements_order":"","neve_meta_disable_header":"","neve_meta_disable_footer":"","neve_meta_disable_title":"","ngg_post_thumbnail":0,"footnotes":""},"class_list":["post-955","page","type-page","status-publish","hentry"],"_links":{"self":[{"href":"https:\/\/www.sporilovskams.cz\/trencinska\/wp-json\/wp\/v2\/pages\/955","targetHints":{"allow":["GET"]}}],"collection":[{"href":"https:\/\/www.sporilovskams.cz\/trencinska\/wp-json\/wp\/v2\/pages"}],"about":[{"href":"https:\/\/www.sporilovskams.cz\/trencinska\/wp-json\/wp\/v2\/types\/page"}],"author":[{"embeddable":true,"href":"https:\/\/www.sporilovskams.cz\/trencinska\/wp-json\/wp\/v2\/users\/2"}],"replies":[{"embeddable":true,"href":"https:\/\/www.sporilovskams.cz\/trencinska\/wp-json\/wp\/v2\/comments?post=955"}],"version-history":[{"count":96,"href":"https:\/\/www.sporilovskams.cz\/trencinska\/wp-json\/wp\/v2\/pages\/955\/revisions"}],"predecessor-version":[{"id":2775,"href":"https:\/\/www.sporilovskams.cz\/trencinska\/wp-json\/wp\/v2\/pages\/955\/revisions\/2775"}],"wp:attachment":[{"href":"https:\/\/www.sporilovskams.cz\/trencinska\/wp-json\/wp\/v2\/media?parent=955"}],"curies":[{"name":"wp","href":"https:\/\/api.w.org\/{rel}","templated":true}]}}

Zápis

<div style="text-align: center">
<div>
<div style="text-align: center">
<div>
<p><span style="font-family: 'arial black', sans-serif;color: #000080">Zveřejnění výsledků zápisu pro školní rok 2026/2027</span></p>
<p><span style="font-family: 'arial black', sans-serif;color: #000080">MŠ Trenčínská</span></p>
</div>
</div>
</div>
</div>
<p style="text-align: center"><img loading="lazy" decoding="async" class="alignnone  wp-image-2774" src="http://www.sporilovskams.cz/trencinska/wp-content/uploads/sites/3/2026/04/zapis-2026-2027-Trencinska-1.png" alt="" width="641" height="674" srcset="https://www.sporilovskams.cz/trencinska/wp-content/uploads/sites/3/2026/04/zapis-2026-2027-Trencinska-1.png 804w, https://www.sporilovskams.cz/trencinska/wp-content/uploads/sites/3/2026/04/zapis-2026-2027-Trencinska-1-127x133.png 127w, https://www.sporilovskams.cz/trencinska/wp-content/uploads/sites/3/2026/04/zapis-2026-2027-Trencinska-1-95x100.png 95w, https://www.sporilovskams.cz/trencinska/wp-content/uploads/sites/3/2026/04/zapis-2026-2027-Trencinska-1-768x807.png 768w" sizes="auto, (max-width: 641px) 100vw, 641px" /></p>
<hr />
<p><strong style="font-family: 'arial black', sans-serif">Informace k zápisu pro školní rok 2026/2027</strong></p>
<div style="text-align: center">
<div>
<div style="text-align: center">
<p style="text-align: left"><span style="font-family: 'arial black', sans-serif;color: #800000">Den otevřených dveří v MŠ Trenčínská proběhne ve středu 25.2.2026 od 14:30 do 17:00hod.</span></p>
<div style="text-align: left">
<div>
<p>&nbsp;</p>
<p><span style="font-family: 'arial black', sans-serif"><strong>Možnost generování a vyplňování přihlášek do MŠ prostřednictvím webu.   </strong></span></p>
<p><span style="font-family: 'arial black', sans-serif"><a href="https://zapisdoms-praha4.praha.eu/" target="_blank" rel="noopener">zapisdoms-praha4.praha.eu</a></span></p>
</div>
<div><span style="font-family: 'arial black', sans-serif">9.2. – 18.3. 2026 –  možnost generování přihlášek</span></div>
<div><span style="font-family: 'arial black', sans-serif"><strong>17. a 18.3  2026 </strong>  –  příjem vyplněných žádostí   </span></div>
<div><span style="font-family: arial, helvetica, sans-serif">odevzdávání vyplněných přihlášek je možné:</span></div>
<div><span style="font-family: arial, helvetica, sans-serif">  –  <strong>osobně </strong>v kanceláři ředitelky školy MŠ Trenčínská 2770/7,  <strong>17. a 18.3  2026</strong><strong> od 13,00 – 18.00 hod.</strong></span></div>
<div><span style="font-family: arial, helvetica, sans-serif">  – prostřednictvím <strong>datové schránky.   !!!POZOR!!! odesílat jen 17. a 18.3. 2026</strong>. Na dříve zaslané přihlášky nelze brát zřetel.</span></div>
<div><span style="font-family: 'arial black', sans-serif">od 26.3. 2026   –  vyhodnocování žádostí</span></div>
<div></div>
<div></div>
</div>
<div style="text-align: left"><span style="font-family: 'arial black', sans-serif"><strong>Potřebné doklady k zápisu:</strong></span></div>
<div style="text-align: left"><span style="font-family: arial, helvetica, sans-serif">– vyplněná, podepsaná  <strong>ŽÁDOST</strong> O PŘIJETÍ DÍTĚTE K PŘEDŠKOLNÍMU VZDĚLÁVÁNÍ,</span></div>
<div style="text-align: left"><span style="font-family: arial, helvetica, sans-serif">  včetně vyplněného <strong>evidenčního listu</strong> a <strong>potvrzení dětského lékaře</strong> o zdravotním stavu dítěte a povinném očkování</span></div>
<div style="text-align: left"><span style="font-family: arial, helvetica, sans-serif">– rodný list dítěte (kopie rodného listu)</span></div>
<div style="text-align: left"><span style="font-family: arial, helvetica, sans-serif">– občanský průkaz zákonného zástupce</span></div>
<div style="text-align: left"><span style="font-family: arial, helvetica, sans-serif">– doklad o trvalém bydlišti dítěte na Praze 4</span></div>
<div style="text-align: left"></div>
<div style="text-align: left"><span style="font-family: 'arial black', sans-serif"><strong>Kritéria pro přijetí dítěte do MŠ:</strong></span></div>
<div style="text-align: left"><span style="font-family: 'arial black', sans-serif">– Věk dítěte (od nejstaršího po nejmladší do výše volné kapacity MŠ. Nejzazší datum pro možný zápis je 31.12.2023)</span></div>
<div style="text-align: left"><span style="font-family: 'arial black', sans-serif">– Trvalé bydliště dítěte na území MČ Praha 4</span></div>
<div></div>
<div>
<p><span style="font-family: 'arial black', sans-serif">Více informací o přijímacím řízení naleznete zde:</span></p>
</div>
<div>
<div><span style="font-family: 'arial black', sans-serif"><a href="https://zapisdoms-praha4.praha.eu/"><em><strong>https://zapisdoms-praha4.praha.eu/</strong></em></a></span></div>
</div>
<p>&nbsp;</p>
<p>&nbsp;</p>
<p>&nbsp;</p>
</div>
<div style="text-align: left">
<p>&nbsp;</p>
</div>
</div>
<div>
<hr />
<p style="text-align: left"><span style="font-family: 'arial black', sans-serif"><strong>Co by dítě mělo zvládat před nástupem do MŠ?</strong></span></p>
<p style="text-align: left">znát své jméno a příjmení</p>
<p style="text-align: left">umět si říci, co chce a potřebuje</p>
<p style="text-align: left">samostatně se svléknout a obléknout</p>
<p style="text-align: left">nazouvat a vyzouvat obuv</p>
<p style="text-align: left">poznat si své věci a ukládat je na své místo</p>
<p style="text-align: left">uklízet po sobě</p>
<p style="text-align: left">používat kapesník</p>
<p style="text-align: left">umět se samo najíst</p>
<p style="text-align: left">pít z hrnečku a skleničky</p>
<p style="text-align: left">používat toaletu (kompletně bez plen)</p>
<p style="text-align: left">umýt si ruce mýdlem a utřít si je do ručníku</p>
<p style="text-align: left">vyčistit si zuby</p>
<p style="text-align: left">ujít kratší vzdálenost při procházce</p>
</div>
<div></div>
<div></div>
<div>
<p>&nbsp;</p>
</div>
<div>
<hr />
</div>
<div></div>
<div>
<hr />
</div>
<div>
<div></div>
<div></div>
<hr />
</div>
</div>
<div></div>
<p>&nbsp;</p>
<p style="text-align: center"><span style="font-family: 'arial black', sans-serif">Městská část Praha 4</span></p>
<p style="text-align: center"><span style="font-family: 'arial black', sans-serif;color: #800000">RADA MĚSTSKÉ ČÁSTI PRAHA 4</span></p>
<p style="text-align: center"><span style="font-family: 'arial black', sans-serif">usnesení 5. jednání ze dne 13.3. 2024</span></p>
<p style="text-align: center"><span style="font-family: 'arial black', sans-serif">číslo 5R-146/2024</span></p>
<p style="text-align: center"><span style="font-family: 'arial black', sans-serif;color: #800000">STANOVUJE:</span></p>
<p style="text-align: center"><span style="font-family: 'arial black', sans-serif">Výši měsíční <span style="background-color: #ffff00">úplaty za předškolní vzdělávání</span> na <span style="background-color: #ffff00">období školního roku 2024/2025</span></span></p>
<p style="text-align: center"><span style="font-family: 'arial black', sans-serif">ve všech mateřských školách zřizovaných MČ Praha 4 <span style="background-color: #ffff00">ve výši  1 300 Kč</span> </span></p>
<p>&nbsp;</p>
<p>&nbsp;</p>
<p><span style="color: #000000;font-family: 'arial black', sans-serif"> <strong>informace na tel.čísle :  777287530       </strong></span></p>
<p><span style="color: #000000;font-family: 'arial black', sans-serif"><strong>www.sporilovskams.cz </strong></span></p>
<p><span style="color: #000000;font-family: 'arial black', sans-serif"><strong>Michaela Hirschová, ředitelka školy</strong></span></p>
<p><span style="font-family: 'arial black', sans-serif">Hana Frühaufová, zást. ředitelky</span></p>
<p><span style="color: #000000;font-family: 'arial black', sans-serif"><strong>mstrencinska@seznam.cz</strong></span></p>
<p>&nbsp;</p>

<p>Zveřejnění výsledků zápisu pro školní rok 2026/2027 MŠ Trenčínská Informace k zápisu pro školní rok 2026/2027 Den otevřených dveří v MŠ Trenčínská proběhne ve středu 25.2.2026 od 14:30 do 17:00hod. &nbsp; Možnost generování a vyplňování přihlášek do MŠ prostřednictvím webu.    zapisdoms-praha4.praha.eu 9.2. – 18.3. 2026 –  možnost generování přihlášek 17. a 18.3  2026   –  příjem vyplněných žádostí &hellip;&nbsp;<a href="https://www.sporilovskams.cz/trencinska/zapis/" class="" rel="bookmark">Read More &raquo;<span class="screen-reader-text">Zápis</span></a></p>
