{"id":486,"date":"2017-04-28T17:05:24","date_gmt":"2017-04-28T16:05:24","guid":{"rendered":"http:\/\/www.sporilovskams.cz\/trencinska\/?page_id=486"},"modified":"2025-11-14T13:08:10","modified_gmt":"2025-11-14T12:08:10","slug":"opvvv-esf","status":"publish","type":"page","link":"https:\/\/www.sporilovskams.cz\/trencinska\/opvvv-esf\/","title":{"rendered":"OPVVV ESF"},"content":{"rendered":"<p>&nbsp;<\/p>\n<p><img loading=\"lazy\" decoding=\"async\" class=\"aligncenter size-full wp-image-2614\" src=\"http:\/\/www.sporilovskams.cz\/trencinska\/wp-content\/uploads\/sites\/3\/2025\/09\/Sablony.png\" alt=\"\" width=\"602\" height=\"845\" srcset=\"https:\/\/www.sporilovskams.cz\/trencinska\/wp-content\/uploads\/sites\/3\/2025\/09\/Sablony.png 602w, https:\/\/www.sporilovskams.cz\/trencinska\/wp-content\/uploads\/sites\/3\/2025\/09\/Sablony-95x133.png 95w, https:\/\/www.sporilovskams.cz\/trencinska\/wp-content\/uploads\/sites\/3\/2025\/09\/Sablony-71x100.png 71w\" sizes=\"auto, (max-width: 602px) 100vw, 602px\" \/><\/p>\n<p>&nbsp;<\/p>\n<p><span style=\"color: #000000;font-family: arial, helvetica, sans-serif;font-size: 14pt\">N\u00e1zev projektu: &#8222;<strong>Spo\u0159ilovsk\u00e1 M\u0160 034<\/strong>&#8222;<\/span><\/p>\n<p><span style=\"color: #000000;font-family: arial, helvetica, sans-serif;font-size: 14pt\">\u010c\u00edslo projektu: <strong>CZ.02.02.XX\/00\/24_034\/0014654<\/strong><\/span><\/p>\n<p><span style=\"color: #000000;font-family: arial, helvetica, sans-serif;font-size: 14pt\">Zah\u00e1jen\u00ed realizace projektu: \u00a0\u00a0\u00a0<strong>1.9.2025<\/strong><\/span><\/p>\n<p><span style=\"color: #000000;font-family: arial, helvetica, sans-serif;font-size: 14pt\">Ukon\u010den\u00ed projektu: \u00a0\u00a0\u00a0\u00a0\u00a0<strong>31.8.2028<\/strong><\/span><\/p>\n<p><span style=\"color: #000000;font-family: arial, helvetica, sans-serif;font-size: 14pt\">D\u00e9lka realizace<strong>:\u00a0 \u00a0 \u00a0 \u00a0 \u00a0 \u00a0 36 m\u011bs\u00edc\u016f<\/strong><\/span><\/p>\n<p><span style=\"color: #000000;font-family: arial, helvetica, sans-serif;font-size: 14pt\">V\u00fd\u0161e podpory: \u00a0\u00a0\u00a0\u00a0\u00a0\u00a0\u00a0\u00a0\u00a0\u00a0\u00a0\u00a0\u00a0<strong>585 151,00 K\u010d<\/strong><\/span><\/p>\n<p><span style=\"color: #000000;font-family: arial, helvetica, sans-serif;font-size: 14pt\"><strong>Tento projekt je spolufinancov\u00e1n Evropskou uni\u00ed na tyto aktivity:<\/strong><\/span><\/p>\n<ul>\n<li><span style=\"font-size: 14pt;font-family: arial, helvetica, sans-serif\">Vzd\u011bl\u00e1v\u00e1n\u00ed pracovn\u00edk\u016f ve vzd\u011bl\u00e1v\u00e1n\u00ed M\u0160<\/span><\/li>\n<li><span style=\"font-family: arial, helvetica, sans-serif;font-size: 14pt\">Pos\u00edlen\u00ed person\u00e1ln\u00edho zabezpe\u010den\u00ed p\u0159ed\u0161koln\u00edch skupin d\u011bt\u00ed jako prevence \u0161koln\u00edho ne\u00fasp\u011bchu &#8211; \u0161koln\u00ed asistent<\/span><\/li>\n<li><span style=\"font-family: arial, helvetica, sans-serif;font-size: 14pt\">P\u0159\u00edprava d\u011bt\u00ed ohro\u017een\u00fdch \u0161koln\u00edm ne\u00fasp\u011bchem v M\u0160<\/span><\/li>\n<\/ul>\n<p>&nbsp;<\/p>\n","protected":false},"excerpt":{"rendered":"<p>&nbsp; &nbsp; N\u00e1zev projektu: &#8222;Spo\u0159ilovsk\u00e1 M\u0160 034&#8222; \u010c\u00edslo projektu: CZ.02.02.XX\/00\/24_034\/0014654 Zah\u00e1jen\u00ed realizace projektu: \u00a0\u00a0\u00a01.9.2025 Ukon\u010den\u00ed projektu: \u00a0\u00a0\u00a0\u00a0\u00a031.8.2028 D\u00e9lka realizace:\u00a0 \u00a0 \u00a0 \u00a0 \u00a0 \u00a0 36 m\u011bs\u00edc\u016f V\u00fd\u0161e podpory: \u00a0\u00a0\u00a0\u00a0\u00a0\u00a0\u00a0\u00a0\u00a0\u00a0\u00a0\u00a0\u00a0585 151,00 K\u010d Tento projekt je spolufinancov\u00e1n Evropskou uni\u00ed na tyto aktivity: Vzd\u011bl\u00e1v\u00e1n\u00ed pracovn\u00edk\u016f ve vzd\u011bl\u00e1v\u00e1n\u00ed M\u0160 Pos\u00edlen\u00ed person\u00e1ln\u00edho zabezpe\u010den\u00ed p\u0159ed\u0161koln\u00edch skupin d\u011bt\u00ed jako prevence \u0161koln\u00edho ne\u00fasp\u011bchu&hellip;&nbsp;<a href=\"https:\/\/www.sporilovskams.cz\/trencinska\/opvvv-esf\/\" class=\"\" rel=\"bookmark\">Read More &raquo;<span class=\"screen-reader-text\">OPVVV ESF<\/span><\/a><\/p>\n","protected":false},"author":2,"featured_media":0,"parent":0,"menu_order":0,"comment_status":"closed","ping_status":"closed","template":"","meta":{"neve_meta_sidebar":"","neve_meta_container":"","neve_meta_enable_content_width":"off","neve_meta_content_width":100,"neve_meta_title_alignment":"","neve_meta_author_avatar":"","neve_post_elements_order":"","neve_meta_disable_header":"","neve_meta_disable_footer":"","neve_meta_disable_title":"","ngg_post_thumbnail":0,"footnotes":""},"class_list":["post-486","page","type-page","status-publish","hentry"],"_links":{"self":[{"href":"https:\/\/www.sporilovskams.cz\/trencinska\/wp-json\/wp\/v2\/pages\/486","targetHints":{"allow":["GET"]}}],"collection":[{"href":"https:\/\/www.sporilovskams.cz\/trencinska\/wp-json\/wp\/v2\/pages"}],"about":[{"href":"https:\/\/www.sporilovskams.cz\/trencinska\/wp-json\/wp\/v2\/types\/page"}],"author":[{"embeddable":true,"href":"https:\/\/www.sporilovskams.cz\/trencinska\/wp-json\/wp\/v2\/users\/2"}],"replies":[{"embeddable":true,"href":"https:\/\/www.sporilovskams.cz\/trencinska\/wp-json\/wp\/v2\/comments?post=486"}],"version-history":[{"count":6,"href":"https:\/\/www.sporilovskams.cz\/trencinska\/wp-json\/wp\/v2\/pages\/486\/revisions"}],"predecessor-version":[{"id":2683,"href":"https:\/\/www.sporilovskams.cz\/trencinska\/wp-json\/wp\/v2\/pages\/486\/revisions\/2683"}],"wp:attachment":[{"href":"https:\/\/www.sporilovskams.cz\/trencinska\/wp-json\/wp\/v2\/media?parent=486"}],"curies":[{"name":"wp","href":"https:\/\/api.w.org\/{rel}","templated":true}]}}

<p>&nbsp;</p>
<p><img loading="lazy" decoding="async" class="aligncenter size-full wp-image-2614" src="http://www.sporilovskams.cz/trencinska/wp-content/uploads/sites/3/2025/09/Sablony.png" alt="" width="602" height="845" srcset="https://www.sporilovskams.cz/trencinska/wp-content/uploads/sites/3/2025/09/Sablony.png 602w, https://www.sporilovskams.cz/trencinska/wp-content/uploads/sites/3/2025/09/Sablony-95x133.png 95w, https://www.sporilovskams.cz/trencinska/wp-content/uploads/sites/3/2025/09/Sablony-71x100.png 71w" sizes="auto, (max-width: 602px) 100vw, 602px" /></p>
<p>&nbsp;</p>
<p><span style="color: #000000;font-family: arial, helvetica, sans-serif;font-size: 14pt">Název projektu: &#8222;<strong>Spořilovská MŠ 034</strong>&#8222;</span></p>
<p><span style="color: #000000;font-family: arial, helvetica, sans-serif;font-size: 14pt">Číslo projektu: <strong>CZ.02.02.XX/00/24_034/0014654</strong></span></p>
<p><span style="color: #000000;font-family: arial, helvetica, sans-serif;font-size: 14pt">Zahájení realizace projektu:    <strong>1.9.2025</strong></span></p>
<p><span style="color: #000000;font-family: arial, helvetica, sans-serif;font-size: 14pt">Ukončení projektu:      <strong>31.8.2028</strong></span></p>
<p><span style="color: #000000;font-family: arial, helvetica, sans-serif;font-size: 14pt">Délka realizace<strong>:            36 měsíců</strong></span></p>
<p><span style="color: #000000;font-family: arial, helvetica, sans-serif;font-size: 14pt">Výše podpory:              <strong>585 151,00 Kč</strong></span></p>
<p><span style="color: #000000;font-family: arial, helvetica, sans-serif;font-size: 14pt"><strong>Tento projekt je spolufinancován Evropskou unií na tyto aktivity:</strong></span></p>
<ul>
<li><span style="font-size: 14pt;font-family: arial, helvetica, sans-serif">Vzdělávání pracovníků ve vzdělávání MŠ</span></li>
<li><span style="font-family: arial, helvetica, sans-serif;font-size: 14pt">Posílení personálního zabezpečení předškolních skupin dětí jako prevence školního neúspěchu &#8211; školní asistent</span></li>
<li><span style="font-family: arial, helvetica, sans-serif;font-size: 14pt">Příprava dětí ohrožených školním neúspěchem v MŠ</span></li>
</ul>
<p>&nbsp;</p>

<p>&nbsp; &nbsp; Název projektu: &#8222;Spořilovská MŠ 034&#8222; Číslo projektu: CZ.02.02.XX/00/24_034/0014654 Zahájení realizace projektu:    1.9.2025 Ukončení projektu:      31.8.2028 Délka realizace:            36 měsíců Výše podpory:              585 151,00 Kč Tento projekt je spolufinancován Evropskou unií na tyto aktivity: Vzdělávání pracovníků ve vzdělávání MŠ Posílení personálního zabezpečení předškolních skupin dětí jako prevence školního neúspěchu&hellip;&nbsp;<a href="https://www.sporilovskams.cz/trencinska/opvvv-esf/" class="" rel="bookmark">Read More &raquo;<span class="screen-reader-text">OPVVV ESF</span></a></p>
