{"id":4,"date":"2015-08-19T18:22:15","date_gmt":"2015-08-19T17:22:15","guid":{"rendered":"http:\/\/www.sporilovskams.cz\/trencinska\/?page_id=4"},"modified":"2025-09-26T18:52:59","modified_gmt":"2025-09-26T17:52:59","slug":"o-skole","status":"publish","type":"page","link":"https:\/\/www.sporilovskams.cz\/trencinska\/","title":{"rendered":"M\u0160 Tren\u010d\u00ednsk\u00e1 &#8211; O \u0161kole"},"content":{"rendered":"<div style=\"text-align: left;\"><span style=\"color: #000000; font-family: arial, helvetica, sans-serif; font-size: 12pt;\"><strong>Spo\u0159ilovsk\u00e1 M\u0160<\/strong> vznikla v \u010dervenci 2015 slou\u010den\u00edm M\u0160 Jihoz\u00e1padn\u00ed a M\u0160 Tren\u010d\u00ednsk\u00e9.<\/span><\/div>\n<div style=\"text-align: left;\"><span style=\"color: #000000; font-family: arial, helvetica, sans-serif; font-size: 12pt;\">Jej\u00edm z\u0159izovatelem je M\u00da Praha 4.I\u010c 61384241<\/span><\/div>\n<div style=\"text-align: left;\"><span style=\"font-family: arial, helvetica, sans-serif; color: #000000; font-size: 12pt;\">ID datov\u00e9 schr\u00e1nky: <strong>g6e2zdr<\/strong><\/span><\/div>\n<div style=\"text-align: left;\"><span style=\"font-family: arial, helvetica, sans-serif; color: #000000; font-size: 12pt;\"><strong>Provoz deta\u0161ovan\u00e9ho pracovi\u0161t\u011b Tren\u010d\u00ednsk\u00e1 je <\/strong><strong>od 7,00 do 17,00 hod. <\/strong><\/span><\/div>\n<div style=\"text-align: left;\"><span style=\"color: #000000; font-family: arial, helvetica, sans-serif; font-size: 12pt;\">D\u011bti p\u0159ich\u00e1zej\u00ed do 8.30 a je mo\u017eno je vyzvednout po ob\u011bd\u011b 12.15 &#8211; 13 a pak od 15 &#8211; 17hod.<\/span><\/div>\n<div>&nbsp;<\/div>\n<div style=\"text-align: left;\"><span style=\"color: #000000; font-family: arial, helvetica, sans-serif; font-size: 12pt;\">Na\u0161i M\u0160 nav\u0161t\u011bvuj\u00ed d\u011bti od 3 let do 7 let v\u011bku. Pracujeme s nimi ve \u010dty\u0159ech odd\u011blen\u00edch:<\/span><\/div>\n<div style=\"text-align: left;\"><span style=\"color: #000000; font-family: arial, helvetica, sans-serif; font-size: 12pt;\">1.t\u0159\u00edda \u2013 d\u011bti ve v\u011bku 3-4 roky<\/span><\/div>\n<div><span style=\"color: #000000; font-family: arial, helvetica, sans-serif; font-size: 12pt;\">2.t\u0159\u00edda \u2013 d\u011bti ve v\u011bku 4-5 let<\/span><\/div>\n<div><span style=\"color: #000000; font-family: arial, helvetica, sans-serif; font-size: 12pt;\">3.t\u0159\u00edda \u2013 d\u011bti ve v\u011bku 5-6 let<\/span><\/div>\n<div><span style=\"color: #000000; font-family: arial, helvetica, sans-serif; font-size: 12pt;\">4.t\u0159\u00edda \u2013 d\u011bti ve v\u011bku 5-7 let<\/span><\/div>\n<div>&nbsp;<\/div>\n<div>&nbsp;<\/div>\n<div><span style=\"color: #0000ff; font-family: arial, helvetica, sans-serif; font-size: 12pt;\">Tyto webov\u00e9 str\u00e1nky byly zpracov\u00e1ny v souladu se z\u00e1konem 99\/2019sb.<\/span><\/div>\n<div>\n<div><span style=\"color: #0000ff; font-family: arial, helvetica, sans-serif; font-size: 12pt;\">&#8222;O p\u0159\u00edstupnosti internetov\u00fdch str\u00e1nek a mobiln\u00edch aplikac\u00ed&#8220;.<\/span><\/div>\n<div>&nbsp;<\/div>\n<\/div>\n<div><span style=\"font-family: arial, helvetica, sans-serif; color: #000000; font-size: 12pt;\"><strong>Koncepce \u0161koly<\/strong><\/span><\/div>\n<div>&nbsp;<\/div>\n<div><span style=\"font-family: arial, helvetica, sans-serif; color: #000000; font-size: 12pt;\">V\u00fdchovn\u011b \u2013vzd\u011bl\u00e1vac\u00ed koncepce \u0161koly vych\u00e1z\u00ed z m\u011bs\u00ed\u010dn\u00edch t\u00e9matick\u00fdch pl\u00e1n\u016f, p\u0159izp\u016fsoben\u00fdm v\u011bkov\u00fdm a individu\u00e1ln\u00edm pot\u0159eb\u00e1m d\u011bt\u00ed. Hravou formou se nau\u010d\u00ed v\u0161e pot\u0159ebn\u00e9 pro dal\u0161\u00ed \u017eivotn\u00ed etapu, pro vstup do Z\u0160. Spolupracujeme se Z\u0160 Ji\u017en\u00ed. \u0160koln\u00ed a t\u0159\u00eddn\u00ed vzd\u011bl\u00e1vac\u00ed programy respektuj\u00ed p\u0159irozen\u00e9 pot\u0159eby d\u011bt\u00ed, z\u00e1rove\u0148 ale je nen\u00e1siln\u011b rozv\u00edjej\u00ed po str\u00e1nce estetick\u00e9\/ hudebn\u00ed, liter\u00e1rn\u00ed \u010dinnosti, v\u00fdtvarn\u00e9\/, t\u011blesn\u00e9, rozumov\u00e9 \/ rozvoj jazykov\u00fdch, p\u0159edmatematick\u00fdch dovednost\u00ed, znalost\u00ed ze spole\u010dnosti a p\u0159\u00edrody, environment\u00e1ln\u00edmu c\u00edt\u011bn\u00ed- prost\u0159ed\u00ed n\u00e1s obklopuj\u00edc\u00edho\/ a po str\u00e1nce grafomotorick\u00e9. D\u011bti jsou vedeny k samostatnosti s ohledem na prosoci\u00e1lnost sv\u00e9ho jedn\u00e1n\u00ed i chov\u00e1n\u00ed.<\/span><\/div>\n<p><span style=\"color: #000000; font-family: arial, helvetica, sans-serif; font-size: 12pt;\">T\u0159\u00eddy sv\u00fdm vybaven\u00edm poskytuj\u00ed rozli\u010dn\u00e9 funk\u010dn\u00ed, estetick\u00e9 i pro\u017eitkov\u00e9 varianty v\u00fdchovn\u00e9ho prost\u0159ed\u00ed k individu\u00e1ln\u00edm \u010dinnostem. K budov\u011b mate\u0159sk\u00e9 \u0161koly n\u00e1le\u017e\u00ed zahrada o rozloze 4.800 m2, kde d\u011bti vyu\u017e\u00edvaj\u00ed v\u00edce\u00fa\u010delov\u00e9 h\u0159i\u0161t\u011b se soft povrchem, nov\u00e9 hern\u00ed prvky a dr\u00e1hu.<br \/>\n<\/span><\/p>\n<div>&nbsp;<\/div>\n<div><span style=\"font-family: arial, helvetica, sans-serif; color: #000000; font-size: 12pt;\"><strong>Krou\u017eky a akce<\/strong><\/span><\/div>\n<div>&nbsp;<\/div>\n<div><span style=\"font-family: arial, helvetica, sans-serif; font-size: 12pt;\"><span style=\"color: #000000;\">Ke zpest\u0159en\u00ed n\u00e1v\u0161t\u011bvy M\u0160 je pro p\u0159ed\u0161koln\u00ed d\u011bti nab\u00eddka v\u00fduky hry na mal\u00e9 kytary, angli\u010dtinu<\/span><span style=\"color: #000000;\">&nbsp;a keramick\u00fd kurz s vlastn\u00ed el. pec\u00ed. <\/span><span style=\"color: #000000;\">Pravideln\u00e9 tematick\u00e9 v\u00fdlety, n\u00e1v\u0161t\u011bvy <\/span><span style=\"color: #000000;\">profesion\u00e1ln\u00edch divadeln\u00edch a hudebn\u00edch soubor\u016f<\/span><span style=\"color: #000000;\"> a na z\u00e1v\u011br doch\u00e1zky do M\u0160 rozlou\u010den\u00ed s p\u0159ed\u0161kol\u00e1ky. S nejstar\u0161\u00edmi d\u011btmi jezd\u00edme na plav\u00e1n\u00ed do baz\u00e9nu Jeden\u00e1ctka.<\/span><\/span><\/div>\n<div>&nbsp;<\/div>\n<div><img loading=\"lazy\" decoding=\"async\" class=\"alignnone size-full wp-image-2263\" src=\"http:\/\/www.sporilovskams.cz\/trencinska\/wp-content\/uploads\/sites\/3\/2024\/03\/digitalizace.jpg\" alt=\"\" width=\"775\" height=\"999\" srcset=\"https:\/\/www.sporilovskams.cz\/trencinska\/wp-content\/uploads\/sites\/3\/2024\/03\/digitalizace.jpg 775w, https:\/\/www.sporilovskams.cz\/trencinska\/wp-content\/uploads\/sites\/3\/2024\/03\/digitalizace-103x133.jpg 103w, https:\/\/www.sporilovskams.cz\/trencinska\/wp-content\/uploads\/sites\/3\/2024\/03\/digitalizace-78x100.jpg 78w, https:\/\/www.sporilovskams.cz\/trencinska\/wp-content\/uploads\/sites\/3\/2024\/03\/digitalizace-768x990.jpg 768w\" sizes=\"auto, (max-width: 775px) 100vw, 775px\" \/><\/div>\n<div>&nbsp;<\/div>\n","protected":false},"excerpt":{"rendered":"<p>Spo\u0159ilovsk\u00e1 M\u0160 vznikla v \u010dervenci 2015 slou\u010den\u00edm M\u0160 Jihoz\u00e1padn\u00ed a M\u0160 Tren\u010d\u00ednsk\u00e9. Jej\u00edm z\u0159izovatelem je M\u00da Praha 4.I\u010c 61384241 ID datov\u00e9 schr\u00e1nky: g6e2zdr Provoz deta\u0161ovan\u00e9ho pracovi\u0161t\u011b Tren\u010d\u00ednsk\u00e1 je od 7,00 do 17,00 hod. D\u011bti p\u0159ich\u00e1zej\u00ed do 8.30 a je mo\u017eno je vyzvednout po ob\u011bd\u011b 12.15 &#8211; 13 a pak od 15 &#8211; 17hod. &nbsp; Na\u0161i&hellip;&nbsp;<a href=\"https:\/\/www.sporilovskams.cz\/trencinska\/\" class=\"\" rel=\"bookmark\">Read More &raquo;<span class=\"screen-reader-text\">M\u0160 Tren\u010d\u00ednsk\u00e1 &#8211; O \u0161kole<\/span><\/a><\/p>\n","protected":false},"author":1,"featured_media":0,"parent":0,"menu_order":0,"comment_status":"closed","ping_status":"closed","template":"","meta":{"neve_meta_sidebar":"","neve_meta_container":"","neve_meta_enable_content_width":"off","neve_meta_content_width":100,"neve_meta_title_alignment":"","neve_meta_author_avatar":"","neve_post_elements_order":"","neve_meta_disable_header":"","neve_meta_disable_footer":"","neve_meta_disable_title":"","ngg_post_thumbnail":0,"footnotes":""},"class_list":["post-4","page","type-page","status-publish","hentry"],"_links":{"self":[{"href":"https:\/\/www.sporilovskams.cz\/trencinska\/wp-json\/wp\/v2\/pages\/4","targetHints":{"allow":["GET"]}}],"collection":[{"href":"https:\/\/www.sporilovskams.cz\/trencinska\/wp-json\/wp\/v2\/pages"}],"about":[{"href":"https:\/\/www.sporilovskams.cz\/trencinska\/wp-json\/wp\/v2\/types\/page"}],"author":[{"embeddable":true,"href":"https:\/\/www.sporilovskams.cz\/trencinska\/wp-json\/wp\/v2\/users\/1"}],"replies":[{"embeddable":true,"href":"https:\/\/www.sporilovskams.cz\/trencinska\/wp-json\/wp\/v2\/comments?post=4"}],"version-history":[{"count":49,"href":"https:\/\/www.sporilovskams.cz\/trencinska\/wp-json\/wp\/v2\/pages\/4\/revisions"}],"predecessor-version":[{"id":2642,"href":"https:\/\/www.sporilovskams.cz\/trencinska\/wp-json\/wp\/v2\/pages\/4\/revisions\/2642"}],"wp:attachment":[{"href":"https:\/\/www.sporilovskams.cz\/trencinska\/wp-json\/wp\/v2\/media?parent=4"}],"curies":[{"name":"wp","href":"https:\/\/api.w.org\/{rel}","templated":true}]}}

MŠ Trenčínská &#8211; O škole

<div style="text-align: left;"><span style="color: #000000; font-family: arial, helvetica, sans-serif; font-size: 12pt;"><strong>Spořilovská MŠ</strong> vznikla v červenci 2015 sloučením MŠ Jihozápadní a MŠ Trenčínské.</span></div>
<div style="text-align: left;"><span style="color: #000000; font-family: arial, helvetica, sans-serif; font-size: 12pt;">Jejím zřizovatelem je MÚ Praha 4.IČ 61384241</span></div>
<div style="text-align: left;"><span style="font-family: arial, helvetica, sans-serif; color: #000000; font-size: 12pt;">ID datové schránky: <strong>g6e2zdr</strong></span></div>
<div style="text-align: left;"><span style="font-family: arial, helvetica, sans-serif; color: #000000; font-size: 12pt;"><strong>Provoz detašovaného pracoviště Trenčínská je </strong><strong>od 7,00 do 17,00 hod. </strong></span></div>
<div style="text-align: left;"><span style="color: #000000; font-family: arial, helvetica, sans-serif; font-size: 12pt;">Děti přicházejí do 8.30 a je možno je vyzvednout po obědě 12.15 &#8211; 13 a pak od 15 &#8211; 17hod.</span></div>
<div>&nbsp;</div>
<div style="text-align: left;"><span style="color: #000000; font-family: arial, helvetica, sans-serif; font-size: 12pt;">Naši MŠ navštěvují děti od 3 let do 7 let věku. Pracujeme s nimi ve čtyřech odděleních:</span></div>
<div style="text-align: left;"><span style="color: #000000; font-family: arial, helvetica, sans-serif; font-size: 12pt;">1.třída – děti ve věku 3-4 roky</span></div>
<div><span style="color: #000000; font-family: arial, helvetica, sans-serif; font-size: 12pt;">2.třída – děti ve věku 4-5 let</span></div>
<div><span style="color: #000000; font-family: arial, helvetica, sans-serif; font-size: 12pt;">3.třída – děti ve věku 5-6 let</span></div>
<div><span style="color: #000000; font-family: arial, helvetica, sans-serif; font-size: 12pt;">4.třída – děti ve věku 5-7 let</span></div>
<div>&nbsp;</div>
<div>&nbsp;</div>
<div><span style="color: #0000ff; font-family: arial, helvetica, sans-serif; font-size: 12pt;">Tyto webové stránky byly zpracovány v souladu se zákonem 99/2019sb.</span></div>
<div>
<div><span style="color: #0000ff; font-family: arial, helvetica, sans-serif; font-size: 12pt;">&#8222;O přístupnosti internetových stránek a mobilních aplikací&#8220;.</span></div>
<div>&nbsp;</div>
</div>
<div><span style="font-family: arial, helvetica, sans-serif; color: #000000; font-size: 12pt;"><strong>Koncepce školy</strong></span></div>
<div>&nbsp;</div>
<div><span style="font-family: arial, helvetica, sans-serif; color: #000000; font-size: 12pt;">Výchovně –vzdělávací koncepce školy vychází z měsíčních tématických plánů, přizpůsobeným věkovým a individuálním potřebám dětí. Hravou formou se naučí vše potřebné pro další životní etapu, pro vstup do ZŠ. Spolupracujeme se ZŠ Jižní. Školní a třídní vzdělávací programy respektují přirozené potřeby dětí, zároveň ale je nenásilně rozvíjejí po stránce estetické/ hudební, literární činnosti, výtvarné/, tělesné, rozumové / rozvoj jazykových, předmatematických dovedností, znalostí ze společnosti a přírody, environmentálnímu cítění- prostředí nás obklopujícího/ a po stránce grafomotorické. Děti jsou vedeny k samostatnosti s ohledem na prosociálnost svého jednání i chování.</span></div>
<p><span style="color: #000000; font-family: arial, helvetica, sans-serif; font-size: 12pt;">Třídy svým vybavením poskytují rozličné funkční, estetické i prožitkové varianty výchovného prostředí k individuálním činnostem. K budově mateřské školy náleží zahrada o rozloze 4.800 m2, kde děti využívají víceúčelové hřiště se soft povrchem, nové herní prvky a dráhu.<br />
</span></p>
<div>&nbsp;</div>
<div><span style="font-family: arial, helvetica, sans-serif; color: #000000; font-size: 12pt;"><strong>Kroužky a akce</strong></span></div>
<div>&nbsp;</div>
<div><span style="font-family: arial, helvetica, sans-serif; font-size: 12pt;"><span style="color: #000000;">Ke zpestření návštěvy MŠ je pro předškolní děti nabídka výuky hry na malé kytary, angličtinu</span><span style="color: #000000;">&nbsp;a keramický kurz s vlastní el. pecí. </span><span style="color: #000000;">Pravidelné tematické výlety, návštěvy </span><span style="color: #000000;">profesionálních divadelních a hudebních souborů</span><span style="color: #000000;"> a na závěr docházky do MŠ rozloučení s předškoláky. S nejstaršími dětmi jezdíme na plavání do bazénu Jedenáctka.</span></span></div>
<div>&nbsp;</div>
<div><img loading="lazy" decoding="async" class="alignnone size-full wp-image-2263" src="http://www.sporilovskams.cz/trencinska/wp-content/uploads/sites/3/2024/03/digitalizace.jpg" alt="" width="775" height="999" srcset="https://www.sporilovskams.cz/trencinska/wp-content/uploads/sites/3/2024/03/digitalizace.jpg 775w, https://www.sporilovskams.cz/trencinska/wp-content/uploads/sites/3/2024/03/digitalizace-103x133.jpg 103w, https://www.sporilovskams.cz/trencinska/wp-content/uploads/sites/3/2024/03/digitalizace-78x100.jpg 78w, https://www.sporilovskams.cz/trencinska/wp-content/uploads/sites/3/2024/03/digitalizace-768x990.jpg 768w" sizes="auto, (max-width: 775px) 100vw, 775px" /></div>
<div>&nbsp;</div>

<p>Spořilovská MŠ vznikla v červenci 2015 sloučením MŠ Jihozápadní a MŠ Trenčínské. Jejím zřizovatelem je MÚ Praha 4.IČ 61384241 ID datové schránky: g6e2zdr Provoz detašovaného pracoviště Trenčínská je od 7,00 do 17,00 hod. Děti přicházejí do 8.30 a je možno je vyzvednout po obědě 12.15 &#8211; 13 a pak od 15 &#8211; 17hod. &nbsp; Naši&hellip;&nbsp;<a href="https://www.sporilovskams.cz/trencinska/" class="" rel="bookmark">Read More &raquo;<span class="screen-reader-text">MŠ Trenčínská &#8211; O škole</span></a></p>
