{"id":37,"date":"2015-08-20T23:02:41","date_gmt":"2015-08-20T22:02:41","guid":{"rendered":"http:\/\/www.sporilovskams.cz\/trencinska\/?page_id=37"},"modified":"2026-04-29T09:27:59","modified_gmt":"2026-04-29T08:27:59","slug":"akce","status":"publish","type":"page","link":"https:\/\/www.sporilovskams.cz\/trencinska\/akce\/","title":{"rendered":"Akce"},"content":{"rendered":"<p><span style=\"font-family: 'arial black', sans-serif;font-size: 14pt;color: #800000\">M\u0160 TREN\u010c\u00cdNSK\u00c1\u00a0<\/span><\/p>\n<p><strong><u><span style=\"font-family: 'arial black', sans-serif\">Akce ve \u0161koln\u00edm roce 2025\/26<\/span><\/u><\/strong><\/p>\n<p><span style=\"font-family: 'arial black', sans-serif\"><strong>21. a 23.10. v\u00fdlet do Rodasu v \u0160estajovic\u00edch \u2013 v\u00fdroba m\u00fddla a sv\u00ed\u010dky<\/strong><\/span><\/p>\n<p><span style=\"font-family: 'arial black', sans-serif\">11.11. logopedick\u00e1 depist\u00e1\u017e<\/span><\/p>\n<p><span style=\"font-family: 'arial black', sans-serif\"><strong>18.11. Kouzeln\u00edk a bublinky<\/strong><\/span><\/p>\n<p><span style=\"font-family: 'arial black', sans-serif\">24.11. FOCEN\u00cd &#8211; PORTR\u00c9T<\/span><\/p>\n<p><span style=\"font-family: 'arial black', sans-serif\">25.11. mobiln\u00ed planet\u00e1rium<\/span><\/p>\n<p><span style=\"font-family: 'arial black', sans-serif\"><strong>\u00a0 5.12.\u00a0 Mikul\u00e1\u0161sk\u00e1 nad\u00edlka<\/strong><\/span><\/p>\n<p><span style=\"font-family: 'arial black', sans-serif\"><strong>11.12. 9,15 O vesel\u00e9m v\u00e1no\u010dn\u00edm strome\u010dku<\/strong><\/span><\/p>\n<p><span style=\"font-family: 'arial black', sans-serif\"><strong>17.12.\u00a0 V\u00e1no\u010dn\u00ed nad\u00edlka<\/strong><\/span><\/p>\n<p><span style=\"font-family: 'arial black', sans-serif\">12.1. testy \u0161koln\u00ed zralosti<\/span><\/p>\n<p><span style=\"font-family: 'arial black', sans-serif\"><strong>20.1. Kouzeln\u00fd knofl\u00edk<\/strong><\/span><\/p>\n<p><span style=\"font-family: 'arial black', sans-serif\"><strong>10.2. 9,15 Poh\u00e1dka z\u00a0kucha\u0159sk\u00e9 \u010depice<\/strong><\/span><\/p>\n<p><span style=\"font-family: 'arial black', sans-serif\">3.3. preventivn\u00ed program Nechci kazy!<\/span><\/p>\n<p><span style=\"font-family: 'arial black', sans-serif\"><strong>10.3. 9,15 Barevn\u00e1 poh\u00e1dka<\/strong><\/span><\/p>\n<p><span style=\"font-family: 'arial black', sans-serif\"><strong>14.4. Kouzeln\u00edk s\u00a0balonky<\/strong><\/span><\/p>\n<p><span style=\"font-family: 'arial black', sans-serif\">21.4.\u00a0 \u00a0focen\u00ed &#8211; t\u0159\u00eddy<\/span><\/p>\n<p><span style=\"font-family: 'arial black', sans-serif\">22.4. Den Zem\u011b v Geofyzik\u00e1ln\u00edm \u00fastavu 3. a 4. t\u0159\u00edda<\/span><\/p>\n<p><span style=\"font-family: 'arial black', sans-serif\"><strong>23.4. V\u00fdlet &#8211; Vodn\u00ed d\u016fm Hulice &#8211; 1.+2. t\u0159\u00edda<\/strong><\/span><\/p>\n<p><span style=\"font-family: 'arial black', sans-serif\">5.5. Koncert ZU\u0160<\/span><\/p>\n<p><span style=\"font-family: 'arial black', sans-serif\"><strong>7.5. V\u00fdlet &#8211; Vodn\u00ed d\u016fm Hulice 3.+4. t\u0159\u00edda<\/strong><\/span><\/p>\n<p><span style=\"font-family: 'arial black', sans-serif\"><strong>12.5. 9,15 \u0160el zahradn\u00edk do zahrady<\/strong><\/span><\/p>\n<p><span style=\"font-family: 'arial black', sans-serif\">\u00a0\u00a0\u00a0\u00a0\u00a0\u00a0\u00a0\u00a0\u00a0 \u00a0N\u00e1v\u0161t\u011bva 1. t\u0159\u00eddy v Z\u0160 Ji\u017en\u00ed &#8211; pro p\u0159ed\u0161kol\u00e1ky<\/span><\/p>\n<p><span style=\"font-family: 'arial black', sans-serif\"><strong>1.6. oslava MDD + karneval<\/strong><\/span><\/p>\n<p><span style=\"font-family: 'arial black', sans-serif\">\u00a02.6.\u00a0 <\/span><strong style=\"font-family: 'arial black', sans-serif\">Zahradn\u00ed slavnost<\/strong><\/p>\n<p><span style=\"font-family: 'arial black', sans-serif\"><strong>\u00a0 \u00a0 \u00a0 \u00a0 \u00a0 Bes\u00eddka pro rodi\u010de<\/strong><\/span><\/p>\n<p><strong>\u00a0<\/strong><\/p>\n<p>&nbsp;<\/p>\n<p>&nbsp;<\/p>\n","protected":false},"excerpt":{"rendered":"<p>M\u0160 TREN\u010c\u00cdNSK\u00c1\u00a0 Akce ve \u0161koln\u00edm roce 2025\/26 21. a 23.10. v\u00fdlet do Rodasu v \u0160estajovic\u00edch \u2013 v\u00fdroba m\u00fddla a sv\u00ed\u010dky 11.11. logopedick\u00e1 depist\u00e1\u017e 18.11. Kouzeln\u00edk a bublinky 24.11. FOCEN\u00cd &#8211; PORTR\u00c9T 25.11. mobiln\u00ed planet\u00e1rium \u00a0 5.12.\u00a0 Mikul\u00e1\u0161sk\u00e1 nad\u00edlka 11.12. 9,15 O vesel\u00e9m v\u00e1no\u010dn\u00edm strome\u010dku 17.12.\u00a0 V\u00e1no\u010dn\u00ed nad\u00edlka 12.1. testy \u0161koln\u00ed zralosti 20.1. Kouzeln\u00fd knofl\u00edk 10.2.&hellip;&nbsp;<a href=\"https:\/\/www.sporilovskams.cz\/trencinska\/akce\/\" class=\"\" rel=\"bookmark\">Read More &raquo;<span class=\"screen-reader-text\">Akce<\/span><\/a><\/p>\n","protected":false},"author":1,"featured_media":0,"parent":0,"menu_order":0,"comment_status":"closed","ping_status":"closed","template":"","meta":{"neve_meta_sidebar":"","neve_meta_container":"","neve_meta_enable_content_width":"off","neve_meta_content_width":100,"neve_meta_title_alignment":"","neve_meta_author_avatar":"","neve_post_elements_order":"","neve_meta_disable_header":"","neve_meta_disable_footer":"","neve_meta_disable_title":"","ngg_post_thumbnail":0,"footnotes":""},"class_list":["post-37","page","type-page","status-publish","hentry"],"_links":{"self":[{"href":"https:\/\/www.sporilovskams.cz\/trencinska\/wp-json\/wp\/v2\/pages\/37","targetHints":{"allow":["GET"]}}],"collection":[{"href":"https:\/\/www.sporilovskams.cz\/trencinska\/wp-json\/wp\/v2\/pages"}],"about":[{"href":"https:\/\/www.sporilovskams.cz\/trencinska\/wp-json\/wp\/v2\/types\/page"}],"author":[{"embeddable":true,"href":"https:\/\/www.sporilovskams.cz\/trencinska\/wp-json\/wp\/v2\/users\/1"}],"replies":[{"embeddable":true,"href":"https:\/\/www.sporilovskams.cz\/trencinska\/wp-json\/wp\/v2\/comments?post=37"}],"version-history":[{"count":228,"href":"https:\/\/www.sporilovskams.cz\/trencinska\/wp-json\/wp\/v2\/pages\/37\/revisions"}],"predecessor-version":[{"id":2784,"href":"https:\/\/www.sporilovskams.cz\/trencinska\/wp-json\/wp\/v2\/pages\/37\/revisions\/2784"}],"wp:attachment":[{"href":"https:\/\/www.sporilovskams.cz\/trencinska\/wp-json\/wp\/v2\/media?parent=37"}],"curies":[{"name":"wp","href":"https:\/\/api.w.org\/{rel}","templated":true}]}}

<p><span style="font-family: 'arial black', sans-serif;font-size: 14pt;color: #800000">MŠ TRENČÍNSKÁ </span></p>
<p><strong><u><span style="font-family: 'arial black', sans-serif">Akce ve školním roce 2025/26</span></u></strong></p>
<p><span style="font-family: 'arial black', sans-serif"><strong>21. a 23.10. výlet do Rodasu v Šestajovicích – výroba mýdla a svíčky</strong></span></p>
<p><span style="font-family: 'arial black', sans-serif">11.11. logopedická depistáž</span></p>
<p><span style="font-family: 'arial black', sans-serif"><strong>18.11. Kouzelník a bublinky</strong></span></p>
<p><span style="font-family: 'arial black', sans-serif">24.11. FOCENÍ &#8211; PORTRÉT</span></p>
<p><span style="font-family: 'arial black', sans-serif">25.11. mobilní planetárium</span></p>
<p><span style="font-family: 'arial black', sans-serif"><strong>  5.12.  Mikulášská nadílka</strong></span></p>
<p><span style="font-family: 'arial black', sans-serif"><strong>11.12. 9,15 O veselém vánočním stromečku</strong></span></p>
<p><span style="font-family: 'arial black', sans-serif"><strong>17.12.  Vánoční nadílka</strong></span></p>
<p><span style="font-family: 'arial black', sans-serif">12.1. testy školní zralosti</span></p>
<p><span style="font-family: 'arial black', sans-serif"><strong>20.1. Kouzelný knoflík</strong></span></p>
<p><span style="font-family: 'arial black', sans-serif"><strong>10.2. 9,15 Pohádka z kuchařské čepice</strong></span></p>
<p><span style="font-family: 'arial black', sans-serif">3.3. preventivní program Nechci kazy!</span></p>
<p><span style="font-family: 'arial black', sans-serif"><strong>10.3. 9,15 Barevná pohádka</strong></span></p>
<p><span style="font-family: 'arial black', sans-serif"><strong>14.4. Kouzelník s balonky</strong></span></p>
<p><span style="font-family: 'arial black', sans-serif">21.4.   focení &#8211; třídy</span></p>
<p><span style="font-family: 'arial black', sans-serif">22.4. Den Země v Geofyzikálním ústavu 3. a 4. třída</span></p>
<p><span style="font-family: 'arial black', sans-serif"><strong>23.4. Výlet &#8211; Vodní dům Hulice &#8211; 1.+2. třída</strong></span></p>
<p><span style="font-family: 'arial black', sans-serif">5.5. Koncert ZUŠ</span></p>
<p><span style="font-family: 'arial black', sans-serif"><strong>7.5. Výlet &#8211; Vodní dům Hulice 3.+4. třída</strong></span></p>
<p><span style="font-family: 'arial black', sans-serif"><strong>12.5. 9,15 Šel zahradník do zahrady</strong></span></p>
<p><span style="font-family: 'arial black', sans-serif">           Návštěva 1. třídy v ZŠ Jižní &#8211; pro předškoláky</span></p>
<p><span style="font-family: 'arial black', sans-serif"><strong>1.6. oslava MDD + karneval</strong></span></p>
<p><span style="font-family: 'arial black', sans-serif"> 2.6.  </span><strong style="font-family: 'arial black', sans-serif">Zahradní slavnost</strong></p>
<p><span style="font-family: 'arial black', sans-serif"><strong>          Besídka pro rodiče</strong></span></p>
<p><strong> </strong></p>
<p>&nbsp;</p>
<p>&nbsp;</p>

<p>MŠ TRENČÍNSKÁ  Akce ve školním roce 2025/26 21. a 23.10. výlet do Rodasu v Šestajovicích – výroba mýdla a svíčky 11.11. logopedická depistáž 18.11. Kouzelník a bublinky 24.11. FOCENÍ &#8211; PORTRÉT 25.11. mobilní planetárium   5.12.  Mikulášská nadílka 11.12. 9,15 O veselém vánočním stromečku 17.12.  Vánoční nadílka 12.1. testy školní zralosti 20.1. Kouzelný knoflík 10.2.&hellip;&nbsp;<a href="https://www.sporilovskams.cz/trencinska/akce/" class="" rel="bookmark">Read More &raquo;<span class="screen-reader-text">Akce</span></a></p>
