{"id":4,"date":"2015-08-19T18:18:39","date_gmt":"2015-08-19T17:18:39","guid":{"rendered":"http:\/\/www.sporilovskams.cz\/jihozapadni\/?page_id=4"},"modified":"2025-08-28T08:04:28","modified_gmt":"2025-08-28T07:04:28","slug":"o-skole","status":"publish","type":"page","link":"https:\/\/www.sporilovskams.cz\/jihozapadni\/","title":{"rendered":"M\u0160 Jihoz\u00e1padn\u00ed &#8211; O \u0161kole"},"content":{"rendered":"<p><span style=\"font-family: arial, helvetica, sans-serif\"><strong>Spo\u0159ilovsk\u00e1 mate\u0159sk\u00e1 \u0161kola Jihoz\u00e1padn\u00ed 4, Praha 4<\/strong> &#8211; vznikla v \u010dervenci 2015 slou\u010den\u00edm M\u0160 Jihoz\u00e1padn\u00ed a M\u0160 Tren\u010d\u00ednsk\u00e9.<\/span><\/p>\n<p><span style=\"font-family: arial, helvetica, sans-serif\">Jej\u00edm z\u0159izovatelem je M\u00da Praha 4.<\/span><\/p>\n<div><strong><span style=\"font-family: arial, helvetica, sans-serif\">Spo\u0159ilovsk\u00e1 mate\u0159sk\u00e1 \u0161kola: pracovi\u0161t\u011b Jihoz\u00e1padn\u00ed<\/span><\/strong><br \/>\n<strong><span style=\"font-family: arial, helvetica, sans-serif\">Adresa: Jihoz\u00e1padn\u00ed IV 1760\/4, 141 00 Praha 4 &#8211; Spo\u0159ilov<\/span><\/strong><br \/>\n<strong><span style=\"font-family: arial, helvetica, sans-serif\"> Telefon\/fax: 272 768 906<\/span><\/strong><br \/>\n<strong><span style=\"font-family: arial, helvetica, sans-serif\"> E-mail: msjihozapadni@seznam.cz<\/span><\/strong><br \/>\n<strong><span style=\"font-family: arial, helvetica, sans-serif\"> I\u010cO: 61384241 <\/span><\/strong><\/div>\n<div><strong><span style=\"font-family: arial, helvetica, sans-serif\">ID datov\u00e9 schr\u00e1nky: g6e2zdr<\/span><\/strong><\/div>\n<div><strong><span style=\"font-family: arial, helvetica, sans-serif\">\u0158editelka: Mgr. Michaela Hirschov\u00e1<\/span><\/strong><br \/>\n<strong><span style=\"font-family: arial, helvetica, sans-serif\"> Po\u010det t\u0159\u00edd: 2<\/span><\/strong><br \/>\n<strong><span style=\"font-family: arial, helvetica, sans-serif\"> Po\u010det \u017e\u00e1k\u016f: 56<\/span><\/strong><br \/>\n<strong><span style=\"font-family: arial, helvetica, sans-serif\"> Provozn\u00ed doba: 7.00-17.00 hod.<\/span><\/strong><\/div>\n<div><span style=\"font-family: arial, helvetica, sans-serif\">Spolupr\u00e1ce se Z\u0160 Ji\u017en\u00ed<\/span><\/div>\n<div><\/div>\n<div>\n<hr \/>\n<\/div>\n<div><a href=\"http:\/\/www.sporilovskams.cz\/jihozapadni\/wp-content\/uploads\/sites\/2\/2025\/08\/SKOLNI-RAD-M.H.-2025-26.pdf\">zde si m\u016f\u017eete p\u0159e\u010d\u00edst\u00a0 \u0160KOLN\u00cd \u0158\u00c1D<\/a><\/div>\n<div><\/div>\n<div><\/div>\n<div>\n<p><span style=\"font-size: 14pt;font-family: arial, helvetica, sans-serif\"><strong><span style=\"color: #000000\"><br \/>\nKoncepce \u0161koly<\/span><\/strong><\/span><\/p>\n<p><span style=\"color: #000000;font-size: 12pt;font-family: arial, helvetica, sans-serif\">V\u00fdchovn\u011b \u2013vzd\u011bl\u00e1vac\u00ed koncepce \u0161koly vych\u00e1z\u00ed z m\u011bs\u00ed\u010dn\u00edch tematick\u00fdch pl\u00e1n\u016f, p\u0159izp\u016fsoben\u00fdm v\u011bkov\u00fdm a individu\u00e1ln\u00edm pot\u0159eb\u00e1m d\u011bt\u00ed. Hravou formou se nau\u010d\u00ed v\u0161e pot\u0159ebn\u00e9 pro dal\u0161\u00ed \u017eivotn\u00ed etapu, pro vstup do Z\u0160. Spolupracujeme se Z\u0160 Ji\u017en\u00ed. \u0160koln\u00ed a t\u0159\u00eddn\u00ed vzd\u011bl\u00e1vac\u00ed programy respektuj\u00ed p\u0159irozen\u00e9 pot\u0159eby d\u011bt\u00ed, z\u00e1rove\u0148 ale je nen\u00e1siln\u011b rozv\u00edjej\u00ed po str\u00e1nce estetick\u00e9\/ hudebn\u00ed, liter\u00e1rn\u00ed \u010dinnosti, v\u00fdtvarn\u00e9\/, t\u011blesn\u00e9, rozumov\u00e9 \/ rozvoj jazykov\u00fdch, p\u0159edmatematick\u00fdch dovednost\u00ed, znalost\u00ed ze spole\u010dnosti a p\u0159\u00edrody, environment\u00e1ln\u00edmu c\u00edt\u011bn\u00ed- prost\u0159ed\u00ed n\u00e1s obklopuj\u00edc\u00edho\/ a po str\u00e1nce grafomotorick\u00e9. D\u011bti jsou vedeny k samostatnosti s ohledem na prosoci\u00e1lnost sv\u00e9ho jedn\u00e1n\u00ed i chov\u00e1n\u00ed.<\/span><\/p>\n<p><span style=\"color: #000000;font-size: 12pt;font-family: arial, helvetica, sans-serif\">T\u0159\u00eddy sv\u00fdm vybaven\u00edm poskytuj\u00ed rozli\u010dn\u00e9 funk\u010dn\u00ed, estetick\u00e9 i pro\u017eitkov\u00e9 varianty v\u00fdchovn\u00e9ho prost\u0159ed\u00ed k individu\u00e1ln\u00edm \u010dinnostem. K budov\u011b mate\u0159sk\u00e9 \u0161koly n\u00e1le\u017e\u00ed zahrada s nov\u00fdmi hern\u00edmi prvky a v l\u00e9t\u011b obl\u00edben\u00fdm mlhovi\u0161t\u011bm.<\/span><\/p>\n<p>&nbsp;<\/p>\n<p><span style=\"font-size: 14pt;font-family: arial, helvetica, sans-serif\"><strong><span style=\"color: #000000\">Provoz Spo\u0159ilovsk\u00e1 M\u0160 Jihoz\u00e1padn\u00ed\u00a0<\/span><\/strong><\/span><\/p>\n<p><span style=\"color: #000000;font-size: 12pt;font-family: arial, helvetica, sans-serif\">P\u0159\u00edjem d\u011bt\u00ed prob\u00edh\u00e1 od 7.00 do 8.45 hod., provoz M\u0160 kon\u010d\u00ed v 17.00 hod.<\/span><br \/>\n<span style=\"color: #000000;font-size: 12pt;font-family: arial, helvetica, sans-serif\">Odchod d\u011bt\u00ed po ob\u011bd\u011b 12.15-13.00 hod. nebo po odpoledn\u00edm odpo\u010dinku 15.00-17.00 hod.<\/span><br \/>\n<span style=\"color: #000000;font-size: 12pt;font-family: arial, helvetica, sans-serif\">(V p\u0159\u00edpad\u011b, \u017ee nastane mimo\u0159\u00e1dn\u00e1 situace, kter\u00e1 znemo\u017en\u00ed v\u010dasn\u00e9 vyzvednut\u00ed d\u00edt\u011bte z M\u0160, jsou rodi\u010de povinni v\u010das tuto skute\u010dnost telefonicky nebo \u00fastn\u011b ozn\u00e1mit u\u010ditelce a spole\u010dn\u011b rozhodnout dal\u0161\u00ed postup, jinak je d\u00edt\u011b p\u0159ed\u00e1no do Intern\u00e1tn\u00ed M\u0160 Na L\u00e1nech, kde uhrad\u00ed rodi\u010de cel\u00e9 n\u00e1klady spojen\u00e9 s pobytem)<\/span><\/p>\n<p><span style=\"font-family: arial, helvetica, sans-serif;font-size: 12pt\">Rodi\u010de nov\u00fdch d\u011bt\u00ed se dohodnou s u\u010ditelkami na individu\u00e1ln\u00ed adaptaci.<\/span> <span style=\"font-family: arial, helvetica, sans-serif;font-size: 12pt\">D\u00edt\u011b si p\u0159i p\u0159\u00edchodu ihned d\u016fkladn\u011b umyje ruce dezinfek\u010dn\u00edm m\u00fddlem.<\/span>\u00a0<span style=\"font-family: arial, helvetica, sans-serif;font-size: 12pt\">Doporu\u010dujeme nenosit vlastn\u00ed hra\u010dky.<\/span>\u00a0<span style=\"font-family: arial, helvetica, sans-serif;font-size: 12pt\">Zahradn\u00ed toalety a um\u00fdv\u00e1rna jsou d\u011btem k dispozici. P\u0159i pobytu na zahrad\u011b je zaji\u0161t\u011bn pitn\u00fd re\u017eim.\u00a0<\/span><\/p>\n<p><span style=\"color: #000000;font-size: 12pt;font-family: arial, helvetica, sans-serif\">1. t\u0159\u00edda &#8211; d\u011bti ve v\u011bku 3-4 roky<\/span><\/p>\n<p><span style=\"color: #000000;font-size: 12pt;font-family: arial, helvetica, sans-serif\">2.t\u0159\u00edda &#8211; d\u011bti 4-5 let, p\u0159ed\u0161koln\u00ed d\u011bti a d\u011bti s O\u0160D<\/span><\/p>\n<p>&nbsp;<\/p>\n<p><span style=\"font-size: 14pt;font-family: arial, helvetica, sans-serif\"><strong>Krou\u017eky a akce<\/strong><\/span><\/p>\n<p><span style=\"color: #000000;font-size: 12pt;font-family: arial, helvetica, sans-serif\">Ke zpest\u0159en\u00ed n\u00e1v\u0161t\u011bvy M\u0160 je pro p\u0159ed\u0161koln\u00ed d\u011bti nab\u00eddka v\u00fduky hry na ,,Mal\u00e9 kytary&#8220;, krou\u017eek t\u011blesn\u00e9 v\u00fdchovy, v\u00fduka angli\u010dtiny a keramika s vlastn\u00ed elektrickou pec\u00ed. S d\u011btmi jezd\u00edme na plav\u00e1n\u00ed do baz\u00e9nu Jeden\u00e1ctka. Pravideln\u00e9 tematick\u00e9 v\u00fdlety, n\u00e1v\u0161t\u011bvy profesion\u00e1ln\u00edch divadeln\u00edch a hudebn\u00edch soubor\u016f a na z\u00e1v\u011br doch\u00e1zky do M\u0160 rozlou\u010den\u00ed s p\u0159ed\u0161kol\u00e1ky.<\/span><br \/>\n<span style=\"color: #000000;font-size: 12pt;font-family: arial, helvetica, sans-serif\">Nab\u00edz\u00edme i nadstandardn\u00ed slu\u017eby &#8211; nap\u0159\u00edklad depist\u00e1\u017e klinick\u00e9 logopedky.<\/span><\/p>\n<p><span style=\"color: #000000;font-size: 12pt;font-family: arial, helvetica, sans-serif\">Akce po\u0159\u00e1dan\u00e9 M\u0160: bes\u00eddky pro rodi\u010de i ve\u0159ejnost, n\u00e1v\u0161t\u011bvy profes. divadel, tematick\u00e9 v\u00fdlety do okol\u00ed Prahy, besedy s psychologem, v\u00fdstavy knih ve spolupr\u00e1ci s nakladatelstv\u00edm, velmi dobr\u00e1 spolupr\u00e1ce s Z\u0160 Ji\u017en\u00ed, spolupr\u00e1ce se Sokolem Spo\u0159ilov, n\u00e1v\u0161t\u011bva knihovny atd. Na\u0161\u00edm c\u00edlem je zdrav\u00e9 a \u0161\u0165astn\u00e9 d\u00edt\u011b a harmonick\u00fd rozvoj v\u0161ech jeho schopnost\u00ed.<\/span><\/p>\n<p><strong><span style=\"color: #000000;font-size: 12pt;font-family: arial, helvetica, sans-serif\">Co s sebou do M\u0160:<\/span><\/strong><\/p>\n<p><span style=\"color: #000000;font-size: 12pt;font-family: arial, helvetica, sans-serif\">Oble\u010den\u00ed d\u011bt\u00ed se \u0159\u00edd\u00ed hygienick\u00fdmi a zdravotn\u00edmi z\u00e1sadami a po\u010das\u00edm.<\/span><\/p>\n<p><span style=\"color: #000000;font-size: 12pt;font-family: arial, helvetica, sans-serif\">D\u011bti se p\u0159ezouvaj\u00ed do ba\u010dkor, do t\u0159\u00eddy nos\u00ed pohodln\u00e9 oble\u010den\u00ed. Na odpoledn\u00ed odpo\u010dinek mus\u00ed m\u00edt py\u017eamo.<\/span><\/p>\n<p><span style=\"color: #000000;font-size: 12pt;font-family: arial, helvetica, sans-serif\">Na pobyt venku mus\u00ed m\u00edt komplet oble\u010den\u00ed na p\u0159evle\u010den\u00ed vhodn\u00e9 na ven (d\u011bti nos\u00ed jin\u00e9 oble\u010den\u00ed do t\u0159\u00eddy a jin\u00e9 na ven), v\u010detn\u011b bot. Volte takov\u00e9 svr\u0161ky, kter\u00e9 budou d\u011bti schopny samy obl\u00e9kat.<\/span><\/p>\n<p><span style=\"color: #000000;font-size: 12pt;font-family: arial, helvetica, sans-serif\">Ve sk\u0159\u00ed\u0148k\u00e1ch mus\u00ed m\u00edt d\u011bti nav\u00edc zvl\u00e1\u0161\u0165 n\u00e1hradn\u00ed oble\u010den\u00ed (nap\u0159. tri\u010dko, tepl\u00e1ky\/leg\u00edny, spodn\u00ed pr\u00e1dlo, pono\u017eky).<\/span><\/p>\n<p><span style=\"color: #000000;font-size: 12pt;font-family: arial, helvetica, sans-serif\">Ve\u0161ker\u00e9 oble\u010den\u00ed je nutn\u00e9 <strong>podepsat<\/strong>.<\/span><\/p>\n<\/div>\n<div><\/div>\n<div>\n<hr \/>\n<\/div>\n<div><\/div>\n<p><span style=\"font-family: arial, helvetica, sans-serif;font-size: 12pt\"><span class=\"tb12\">Z historie na\u0161\u00ed \u0161koly: <\/span>M\u0160 Jihoz\u00e1padn\u00ed byla uvedena do provozu v roce 1982 a je um\u00edst\u011bn\u00e1 ve star\u00e9 z\u00e1stavb\u011b Spo\u0159ilova. Budova je po celkov\u00e9 oprav\u011b v\u010detn\u011b zateplen\u00ed a nov\u00e9 fas\u00e1dy. Toto bylo realizov\u00e1no z prost\u0159edk\u016f EU. Budova m\u00e1 nyn\u00ed modern\u00ed r\u00e1z, kter\u00fd dob\u0159e zapad\u00e1 do klidn\u00e9ho prost\u0159ed\u00ed Spo\u0159ilova. Sou\u010d\u00e1st\u00ed budovy je zahrada, kter\u00e1 je vybavena za\u0159\u00edzen\u00edm vhodn\u00fdm pro p\u0159ed\u0161koln\u00ed d\u011bti a jejich t\u011blesnou aktivitu v letn\u00edch m\u011bs\u00edc\u00edch je vyu\u017e\u00edv\u00e1no mlhovi\u0161t\u011b.<\/span><\/p>\n<p><span style=\"font-family: arial, helvetica, sans-serif;font-size: 12pt\">Dostupnost: metro &#8211; trasa C- stanice Roztyly, BUS: \u010d. 118 &#8211; stanice Roztylsk\u00e9 n\u00e1m.<\/span><\/p>\n<p><img loading=\"lazy\" decoding=\"async\" class=\"alignnone size-full wp-image-2296\" src=\"http:\/\/www.sporilovskams.cz\/jihozapadni\/wp-content\/uploads\/sites\/2\/2024\/03\/digitalizace.jpg\" alt=\"\" width=\"775\" height=\"999\" srcset=\"https:\/\/www.sporilovskams.cz\/jihozapadni\/wp-content\/uploads\/sites\/2\/2024\/03\/digitalizace.jpg 775w, https:\/\/www.sporilovskams.cz\/jihozapadni\/wp-content\/uploads\/sites\/2\/2024\/03\/digitalizace-103x133.jpg 103w, https:\/\/www.sporilovskams.cz\/jihozapadni\/wp-content\/uploads\/sites\/2\/2024\/03\/digitalizace-768x990.jpg 768w\" sizes=\"auto, (max-width: 775px) 100vw, 775px\" \/><\/p>\n<p>&nbsp;<\/p>\n<p>&nbsp;<\/p>\n<div><span style=\"color: #0000ff;font-family: arial,helvetica,sans-serif;font-size: 14pt\">Tyto webov\u00e9 str\u00e1nky byly zpracov\u00e1ny v souladu se z\u00e1konem 99\/2019sb. <\/span><\/div>\n<div><span style=\"color: #0000ff;font-family: arial,helvetica,sans-serif;font-size: 14pt\">&#8222;O p\u0159\u00edstupnosti internetov\u00fdch str\u00e1nek a mobiln\u00edch aplikac\u00ed&#8220;.<\/span><\/div>\n<div><\/div>\n<div><\/div>\n","protected":false},"excerpt":{"rendered":"<p>Spo\u0159ilovsk\u00e1 mate\u0159sk\u00e1 \u0161kola Jihoz\u00e1padn\u00ed 4, Praha 4 &#8211; vznikla v \u010dervenci 2015 slou\u010den\u00edm M\u0160 Jihoz\u00e1padn\u00ed a M\u0160 Tren\u010d\u00ednsk\u00e9. Jej\u00edm z\u0159izovatelem je M\u00da Praha 4. Spo\u0159ilovsk\u00e1 mate\u0159sk\u00e1 \u0161kola: pracovi\u0161t\u011b Jihoz\u00e1padn\u00ed Adresa: Jihoz\u00e1padn\u00ed IV 1760\/4, 141 00 Praha 4 &#8211; Spo\u0159ilov Telefon\/fax: 272 768 906 E-mail: msjihozapadni@seznam.cz I\u010cO: 61384241 ID datov\u00e9 schr\u00e1nky: g6e2zdr \u0158editelka: Mgr. Michaela Hirschov\u00e1&hellip;&nbsp;<a href=\"https:\/\/www.sporilovskams.cz\/jihozapadni\/\" class=\"\" rel=\"bookmark\">Read More &raquo;<span class=\"screen-reader-text\">M\u0160 Jihoz\u00e1padn\u00ed &#8211; O \u0161kole<\/span><\/a><\/p>\n","protected":false},"author":1,"featured_media":0,"parent":0,"menu_order":0,"comment_status":"closed","ping_status":"closed","template":"","meta":{"neve_meta_sidebar":"","neve_meta_container":"","neve_meta_enable_content_width":"off","neve_meta_content_width":100,"neve_meta_title_alignment":"","neve_meta_author_avatar":"","neve_post_elements_order":"","neve_meta_disable_header":"","neve_meta_disable_footer":"","neve_meta_disable_title":"","ngg_post_thumbnail":0,"footnotes":""},"class_list":["post-4","page","type-page","status-publish","hentry"],"_links":{"self":[{"href":"https:\/\/www.sporilovskams.cz\/jihozapadni\/wp-json\/wp\/v2\/pages\/4","targetHints":{"allow":["GET"]}}],"collection":[{"href":"https:\/\/www.sporilovskams.cz\/jihozapadni\/wp-json\/wp\/v2\/pages"}],"about":[{"href":"https:\/\/www.sporilovskams.cz\/jihozapadni\/wp-json\/wp\/v2\/types\/page"}],"author":[{"embeddable":true,"href":"https:\/\/www.sporilovskams.cz\/jihozapadni\/wp-json\/wp\/v2\/users\/1"}],"replies":[{"embeddable":true,"href":"https:\/\/www.sporilovskams.cz\/jihozapadni\/wp-json\/wp\/v2\/comments?post=4"}],"version-history":[{"count":62,"href":"https:\/\/www.sporilovskams.cz\/jihozapadni\/wp-json\/wp\/v2\/pages\/4\/revisions"}],"predecessor-version":[{"id":2720,"href":"https:\/\/www.sporilovskams.cz\/jihozapadni\/wp-json\/wp\/v2\/pages\/4\/revisions\/2720"}],"wp:attachment":[{"href":"https:\/\/www.sporilovskams.cz\/jihozapadni\/wp-json\/wp\/v2\/media?parent=4"}],"curies":[{"name":"wp","href":"https:\/\/api.w.org\/{rel}","templated":true}]}}