{"id":1003,"date":"2019-05-23T20:12:31","date_gmt":"2019-05-23T19:12:31","guid":{"rendered":"http:\/\/www.sporilovskams.cz\/jihozapadni\/?page_id=1003"},"modified":"2026-04-08T12:13:02","modified_gmt":"2026-04-08T11:13:02","slug":"zapis","status":"publish","type":"page","link":"https:\/\/www.sporilovskams.cz\/jihozapadni\/zapis\/","title":{"rendered":"Z\u00e1pis"},"content":{"rendered":"<div style=\"text-align: center\">\n<p><span style=\"text-decoration: underline;color: #993300\"><span style=\"font-family: arial, helvetica, sans-serif\">Zve\u0159ejn\u011bn\u00ed v\u00fdsledk\u016f z\u00e1pisu pro \u0161koln\u00ed rok 2026\/2027:<\/span><\/span><\/p>\n<p><img loading=\"lazy\" decoding=\"async\" class=\" wp-image-2939 aligncenter\" src=\"http:\/\/www.sporilovskams.cz\/jihozapadni\/wp-content\/uploads\/sites\/2\/2026\/04\/seznam-jiho-zapis.png\" alt=\"\" width=\"695\" height=\"595\" srcset=\"https:\/\/www.sporilovskams.cz\/jihozapadni\/wp-content\/uploads\/sites\/2\/2026\/04\/seznam-jiho-zapis.png 803w, https:\/\/www.sporilovskams.cz\/jihozapadni\/wp-content\/uploads\/sites\/2\/2026\/04\/seznam-jiho-zapis-155x133.png 155w, https:\/\/www.sporilovskams.cz\/jihozapadni\/wp-content\/uploads\/sites\/2\/2026\/04\/seznam-jiho-zapis-768x658.png 768w\" sizes=\"auto, (max-width: 695px) 100vw, 695px\" \/><\/p>\n<\/div>\n<p>&nbsp;<\/p>\n<div style=\"text-align: center\">\n<div>\n<p><span style=\"font-family: 'arial black', sans-serif;font-size: 14pt\"><strong><span style=\"color: #800000\">Informace k z\u00e1pisu pro \u0161koln\u00ed rok 2026\/2027<\/span><\/strong><\/span><\/p>\n<p><strong><span style=\"font-family: arial, helvetica, sans-serif;color: #003300\">Den otev\u0159en\u00fdch dve\u0159\u00ed v M\u0160 Jihoz\u00e1padn\u00ed prob\u011bhne ve st\u0159edu 25.2.2026 od 14:30 do 17:00hod.<\/span><\/strong><\/p>\n<\/div>\n<\/div>\n<div style=\"text-align: center\">\n<div>\n<p>&nbsp;<\/p>\n<p style=\"text-align: left\"><strong style=\"font-family: arial, helvetica, sans-serif;font-size: 10pt\"><span style=\"font-size: 12pt\"><span style=\"color: #ff0000\">Mo\u017enost generov\u00e1n\u00ed a vypl\u0148ov\u00e1n\u00ed p\u0159ihl\u00e1\u0161ek<\/span> do M\u0160 prost\u0159ednictv\u00edm webu.<\/span> \u00a0\u00a0 \u00a0<\/strong><a style=\"text-align: center\" href=\"https:\/\/zapisdoms-praha4.praha.eu\/\" target=\"_blank\" rel=\"noopener\">zapisdoms-praha4.praha.eu<\/a><\/p>\n<\/div>\n<div style=\"text-align: left\"><span style=\"font-family: arial, helvetica, sans-serif;color: #800000\">9.2. &#8211; 18.3. 2026 &#8211;\u00a0 mo\u017enost generov\u00e1n\u00ed p\u0159ihl\u00e1\u0161ek<\/span><\/div>\n<div style=\"text-align: left\"><span style=\"font-family: arial, helvetica, sans-serif\"><span style=\"color: #800000\"><strong>17. a 18.3\u00a0 2026\u00a0<\/strong> \u00a0&#8211;\u00a0 p\u0159\u00edjem vypln\u011bn\u00fdch \u017e\u00e1dost\u00ed<\/span>\u00a0 \u00a0<\/span><\/div>\n<div style=\"text-align: left\"><span style=\"font-family: arial, helvetica, sans-serif\">odevzd\u00e1v\u00e1n\u00ed vypln\u011bn\u00fdch p\u0159ihl\u00e1\u0161ek je mo\u017en\u00e9:<\/span><\/div>\n<div style=\"text-align: left\"><span style=\"font-family: arial, helvetica, sans-serif\">&#8211;\u00a0<span style=\"color: #000080\"> <strong>osobn\u011b <\/strong><\/span>v kancel\u00e1\u0159i \u0159editelky \u0161koly M\u0160 Jihoz\u00e1padn\u00ed 1760\/4, <span style=\"color: #800000\"><strong>17. a 18.3\u00a0 2026<\/strong><\/span> <strong>\u00a0<span style=\"color: #000080\">od 13,00 &#8211; 18.00 hod.<\/span><\/strong><\/span><\/div>\n<div style=\"text-align: left\"><span style=\"font-family: arial, helvetica, sans-serif\">&#8211; prost\u0159ednictv\u00edm <span style=\"color: #000080\"><strong>datov\u00e9 schr\u00e1nky.\u00a0 \u00a0!!!POZOR!!! odes\u00edlat jen 17. a 18.3. 2026<\/strong>.<\/span> Na d\u0159\u00edve zaslan\u00e9 p\u0159ihl\u00e1\u0161ky nelze br\u00e1t z\u0159etel.<\/span><\/div>\n<div style=\"text-align: left\"><span style=\"font-family: arial, helvetica, sans-serif;color: #800000\">od 26.3. 2026\u00a0 \u00a0&#8211;\u00a0 vyhodnocov\u00e1n\u00ed \u017e\u00e1dost\u00ed<\/span><\/div>\n<div><\/div>\n<div style=\"text-align: left\"><\/div>\n<\/div>\n<div style=\"text-align: left\"><span style=\"font-family: arial, helvetica, sans-serif;color: #003300;font-size: 10pt\"><strong>Pot\u0159ebn\u00e9 doklady k z\u00e1pisu:<\/strong>\u00a0<\/span><\/div>\n<div style=\"text-align: left\"><span style=\"font-family: arial, helvetica, sans-serif;font-size: 10pt\"> &#8211; vypln\u011bn\u00e1, podepsan\u00e1\u00a0 <strong>\u017d\u00c1DOST<\/strong> O P\u0158IJET\u00cd D\u00cdT\u011aTE K P\u0158ED\u0160KOLN\u00cdMU VZD\u011aL\u00c1V\u00c1N\u00cd, <\/span><\/div>\n<div style=\"text-align: left\"><span style=\"font-family: arial, helvetica, sans-serif;font-size: 10pt\">\u00a0 v\u010detn\u011b vypln\u011bn\u00e9ho <strong>eviden\u010dn\u00edho listu<\/strong> a <strong>potvrzen\u00ed d\u011btsk\u00e9ho l\u00e9ka\u0159e<\/strong> o zdravotn\u00edm stavu d\u00edt\u011bte a povinn\u00e9m o\u010dkov\u00e1n\u00ed<\/span><\/div>\n<div><span style=\"font-family: arial, helvetica, sans-serif;font-size: 10pt\">&#8211; rodn\u00fd list d\u00edt\u011bte (kopie rodn\u00e9ho listu)<\/span><\/div>\n<div><span style=\"font-family: arial, helvetica, sans-serif;font-size: 10pt\">&#8211; ob\u010dansk\u00fd pr\u016fkaz z\u00e1konn\u00e9ho z\u00e1stupce<\/span><\/div>\n<div><span style=\"font-family: arial, helvetica, sans-serif;font-size: 10pt\">&#8211; doklad o trval\u00e9m bydli\u0161ti d\u00edt\u011bte na Praze 4<\/span><\/div>\n<div><\/div>\n<div><strong><span style=\"font-family: arial, helvetica, sans-serif;color: #993300\">Krit\u00e9ria pro p\u0159ijet\u00ed d\u00edt\u011bte do M\u0160:<\/span><\/strong><\/div>\n<div><span style=\"font-family: arial, helvetica, sans-serif\">&#8211; V\u011bk d\u00edt\u011bte (od nejstar\u0161\u00edho po nejmlad\u0161\u00ed do v\u00fd\u0161e voln\u00e9 kapacity M\u0160. Nejzaz\u0161\u00ed datum pro mo\u017en\u00fd z\u00e1pis je 31.12.2023)<\/span><\/div>\n<div><span style=\"font-family: arial, helvetica, sans-serif\">&#8211; Trval\u00e9 bydli\u0161t\u011b d\u00edt\u011bte na \u00fazem\u00ed M\u010c Praha 4<\/span><\/div>\n<div><\/div>\n<div><span style=\"font-family: arial, helvetica, sans-serif\"><span style=\"color: #800000\">Mo\u017enost vyj\u00e1d\u0159en\u00ed se k podklad\u016fm p\u0159ij\u00edmac\u00edho \u0159\u00edzen\u00ed a nahl\u00e9dnut\u00ed do spisu<\/span> zapisovan\u00e9ho d\u00edt\u011bte je jeho z\u00e1konn\u00fdm z\u00e1stupc\u016fm umo\u017en\u011bno <strong>25.3. 2026 <\/strong>od\u00a0<strong>16,00 &#8211; 17,00<\/strong> hod. v kancel\u00e1\u0159i \u0159editelky \u0161koly (Jihoz\u00e1padn\u00ed IV 1760\/4, Praha 4) a z\u00e1stupkyn\u011b \u0159editelky (Tren\u010d\u00ednsk\u00e1 2770, Praha 4).<\/span><\/div>\n<div>\n<p><span style=\"color: #993300\">V\u00edce informac\u00ed o p\u0159ij\u00edmac\u00edm \u0159\u00edzen\u00ed naleznete zde<\/span><span style=\"font-family: arial, helvetica, sans-serif\">:<\/span><\/p>\n<\/div>\n<div style=\"text-align: center\">\n<div style=\"text-align: left\"><span style=\"font-family: arial, helvetica, sans-serif\"> <a href=\"https:\/\/zapisdoms-praha4.praha.eu\/\"><em><strong>https:\/\/zapisdoms-praha4.praha.eu\/<\/strong><\/em><\/a><\/span><\/div>\n<\/div>\n<div>\n<hr \/>\n<\/div>\n<p><span style=\"font-size: 14pt\"><strong><span style=\"font-family: arial, helvetica, sans-serif;color: #003300\">Co by d\u00edt\u011b m\u011blo zvl\u00e1dat p\u0159ed n\u00e1stupem do M\u0160:<\/span><\/strong><\/span><\/p>\n<ul>\n<li style=\"font-weight: 400\"><span style=\"font-weight: 400;font-family: arial, helvetica, sans-serif\">zn\u00e1t sv\u00e9 jm\u00e9no a p\u0159\u00edjmen\u00ed<\/span><\/li>\n<li style=\"font-weight: 400\"><span style=\"font-weight: 400;font-family: arial, helvetica, sans-serif\">um\u011bt si \u0159\u00edci, co chce a pot\u0159ebuje<\/span><\/li>\n<li style=\"font-weight: 400\"><span style=\"font-weight: 400;font-family: arial, helvetica, sans-serif\">samostatn\u011b se svl\u00e9knout a obl\u00e9knout<\/span><\/li>\n<li style=\"font-weight: 400\"><span style=\"font-weight: 400;font-family: arial, helvetica, sans-serif\">nazouvat a vyzouvat obuv<\/span><\/li>\n<li style=\"font-weight: 400\"><span style=\"font-weight: 400;font-family: arial, helvetica, sans-serif\">poznat si sv\u00e9 v\u011bci a ukl\u00e1dat je na svou zna\u010dku<\/span><\/li>\n<li style=\"font-weight: 400\"><span style=\"font-weight: 400;font-family: arial, helvetica, sans-serif\">ukl\u00edzet po sob\u011b<\/span><\/li>\n<li style=\"font-weight: 400\"><span style=\"font-weight: 400;font-family: arial, helvetica, sans-serif\">pou\u017e\u00edvat kapesn\u00edk<\/span><\/li>\n<li style=\"font-weight: 400\"><span style=\"font-weight: 400;font-family: arial, helvetica, sans-serif\">dr\u017eet l\u017e\u00edci a um\u011bt se samo naj\u00edst<\/span><\/li>\n<li style=\"font-weight: 400\"><span style=\"font-weight: 400;font-family: arial, helvetica, sans-serif\">p\u00edt z hrne\u010dku a skleni\u010dky<\/span><\/li>\n<li style=\"font-weight: 400\"><span style=\"font-weight: 400;font-family: arial, helvetica, sans-serif\">pou\u017e\u00edvat toaletu (kompletn\u011b bez plen)<\/span><\/li>\n<li style=\"font-weight: 400\"><span style=\"font-weight: 400;font-family: arial, helvetica, sans-serif\">um\u00fdt si ruce m\u00fddlem a ut\u0159\u00edt si je do ru\u010dn\u00edku<\/span><\/li>\n<li style=\"font-weight: 400\"><span style=\"font-weight: 400;font-family: arial, helvetica, sans-serif\">vy\u010distit si zuby (pou\u017e\u00edv\u00e1me jen kart\u00e1\u010dek bez pasty)<\/span><\/li>\n<li style=\"font-weight: 400\"><span style=\"font-weight: 400;font-family: arial, helvetica, sans-serif\">uj\u00edt krat\u0161\u00ed vzd\u00e1lenost p\u0159i proch\u00e1zce<\/span><\/li>\n<\/ul>\n<p><span style=\"font-family: arial, helvetica, sans-serif;color: #993300\"><b>Pot\u0159eby do M\u0160:<\/b><\/span><\/p>\n<ul>\n<li style=\"font-weight: 400\"><span style=\"font-weight: 400;font-family: arial, helvetica, sans-serif\">p\u0159ez\u016fvky a boty na ven<\/span><\/li>\n<li style=\"font-weight: 400\"><span style=\"font-weight: 400;font-family: arial, helvetica, sans-serif\">pohodln\u00e9 oble\u010den\u00ed do t\u0159\u00eddy<\/span><\/li>\n<li style=\"font-weight: 400\"><span style=\"font-weight: 400;font-family: arial, helvetica, sans-serif\">p\u0159evle\u010den\u00ed na ven dle po\u010das\u00ed (p\u0159ipraven\u00e9 v horn\u00ed poli\u010dce sk\u0159\u00ed\u0148ky)<\/span><\/li>\n<li style=\"font-weight: 400\"><span style=\"font-weight: 400;font-family: arial, helvetica, sans-serif\">kompletn\u00ed n\u00e1hradn\u00ed oble\u010den\u00ed (v ta\u0161ce dole ve sk\u0159\u00ed\u0148ce)<\/span><\/li>\n<li style=\"font-weight: 400\"><span style=\"font-weight: 400;font-family: arial, helvetica, sans-serif\">zubn\u00ed kart\u00e1\u010dek a kel\u00edmek<\/span><\/li>\n<li style=\"font-weight: 400\"><span style=\"font-weight: 400;font-family: arial, helvetica, sans-serif\">py\u017eamo (nepot\u0159ebuj\u00ed d\u011bti, kter\u00e9 chod\u00ed po ob\u011bd\u011b)<\/span><\/li>\n<li style=\"font-weight: 400\"><span style=\"font-family: arial, helvetica, sans-serif\"><span style=\"font-weight: 400\">v\u0161e mus\u00ed b\u00fdt <\/span><span style=\"text-decoration: underline\"><b>podeps\u00e1no<\/b><\/span><\/span><\/li>\n<\/ul>\n<p><span style=\"font-family: arial, helvetica, sans-serif;color: #993300\"><b>Doch\u00e1zka d\u011bt\u00ed:<\/b><span style=\"font-weight: 400\">\u00a0\u00a0<\/span><\/span><\/p>\n<ul>\n<li><span style=\"font-weight: 400;font-family: arial, helvetica, sans-serif\">d\u00edt\u011b p\u0159ed\u00e1vaj\u00ed rodi\u010de nebo pov\u011b\u0159en\u00e9 osoby pan\u00ed u\u010ditelce ve t\u0159\u00edd\u011b<\/span><\/li>\n<li><span style=\"font-weight: 400;font-family: arial, helvetica, sans-serif\">d\u00edt\u011b si vyzved\u00e1vaj\u00ed rodi\u010de nebo pov\u011b\u0159en\u00e9 osoby ve t\u0159\u00edd\u011b nebo odpoledne ze zahrady<\/span><\/li>\n<li><span style=\"font-weight: 400;font-family: arial, helvetica, sans-serif\">do M\u0160 doch\u00e1zej\u00ed d\u011bti zdrav\u00e9, za zdravotn\u00ed stav d\u011bt\u00ed jsou odpov\u011bdn\u00ed rodi\u010de, nachlazen\u00e9, nemocn\u00e9 d\u00edt\u011b nebo d\u00edt\u011b s \u00farazem pan\u00ed u\u010ditelka nesm\u00ed do kolektivu p\u0159ijmout<\/span><\/li>\n<li><span style=\"font-weight: 400;font-family: arial, helvetica, sans-serif\">omluvy d\u011bt\u00ed nejpozd\u011bji do 8:00h dan\u00e9ho dne p\u0159es aplikaci ,,Na\u0161e M\u0160\u201c (v p\u0159\u00edpad\u011b pozd\u011bj\u0161\u00ed omluvy ji\u017e nelze odhl\u00e1sit stravn\u00e9)<\/span><\/li>\n<\/ul>\n","protected":false},"excerpt":{"rendered":"<p>Zve\u0159ejn\u011bn\u00ed v\u00fdsledk\u016f z\u00e1pisu pro \u0161koln\u00ed rok 2026\/2027: &nbsp; Informace k z\u00e1pisu pro \u0161koln\u00ed rok 2026\/2027 Den otev\u0159en\u00fdch dve\u0159\u00ed v M\u0160 Jihoz\u00e1padn\u00ed prob\u011bhne ve st\u0159edu 25.2.2026 od 14:30 do 17:00hod. &nbsp; Mo\u017enost generov\u00e1n\u00ed a vypl\u0148ov\u00e1n\u00ed p\u0159ihl\u00e1\u0161ek do M\u0160 prost\u0159ednictv\u00edm webu. \u00a0\u00a0 \u00a0zapisdoms-praha4.praha.eu 9.2. &#8211; 18.3. 2026 &#8211;\u00a0 mo\u017enost generov\u00e1n\u00ed p\u0159ihl\u00e1\u0161ek 17. a 18.3\u00a0 2026\u00a0 \u00a0&#8211;\u00a0 p\u0159\u00edjem&hellip;&nbsp;<a href=\"https:\/\/www.sporilovskams.cz\/jihozapadni\/zapis\/\" class=\"\" rel=\"bookmark\">Read More &raquo;<span class=\"screen-reader-text\">Z\u00e1pis<\/span><\/a><\/p>\n","protected":false},"author":2,"featured_media":0,"parent":0,"menu_order":0,"comment_status":"closed","ping_status":"closed","template":"","meta":{"neve_meta_sidebar":"","neve_meta_container":"","neve_meta_enable_content_width":"off","neve_meta_content_width":100,"neve_meta_title_alignment":"","neve_meta_author_avatar":"","neve_post_elements_order":"","neve_meta_disable_header":"","neve_meta_disable_footer":"","neve_meta_disable_title":"","ngg_post_thumbnail":0,"footnotes":""},"class_list":["post-1003","page","type-page","status-publish","hentry"],"_links":{"self":[{"href":"https:\/\/www.sporilovskams.cz\/jihozapadni\/wp-json\/wp\/v2\/pages\/1003","targetHints":{"allow":["GET"]}}],"collection":[{"href":"https:\/\/www.sporilovskams.cz\/jihozapadni\/wp-json\/wp\/v2\/pages"}],"about":[{"href":"https:\/\/www.sporilovskams.cz\/jihozapadni\/wp-json\/wp\/v2\/types\/page"}],"author":[{"embeddable":true,"href":"https:\/\/www.sporilovskams.cz\/jihozapadni\/wp-json\/wp\/v2\/users\/2"}],"replies":[{"embeddable":true,"href":"https:\/\/www.sporilovskams.cz\/jihozapadni\/wp-json\/wp\/v2\/comments?post=1003"}],"version-history":[{"count":105,"href":"https:\/\/www.sporilovskams.cz\/jihozapadni\/wp-json\/wp\/v2\/pages\/1003\/revisions"}],"predecessor-version":[{"id":2942,"href":"https:\/\/www.sporilovskams.cz\/jihozapadni\/wp-json\/wp\/v2\/pages\/1003\/revisions\/2942"}],"wp:attachment":[{"href":"https:\/\/www.sporilovskams.cz\/jihozapadni\/wp-json\/wp\/v2\/media?parent=1003"}],"curies":[{"name":"wp","href":"https:\/\/api.w.org\/{rel}","templated":true}]}}